CRAN Package Check Results for Package ptspotter

Last updated on 2024-02-23 16:53:27 CET.

Flavor Version Tinstall Tcheck Ttotal Status Flags
r-devel-linux-x86_64-debian-clang 1.0.2 OK
r-devel-linux-x86_64-debian-gcc 1.0.2 3.46 35.47 38.93 OK
r-devel-linux-x86_64-fedora-clang 1.0.2 61.18 NOTE
r-devel-linux-x86_64-fedora-gcc 1.0.2 71.64 NOTE
r-devel-windows-x86_64 1.0.2 5.00 58.00 63.00 OK
r-patched-linux-x86_64 1.0.2 4.27 45.65 49.92 OK
r-release-linux-x86_64 1.0.2 3.13 45.53 48.66 OK
r-release-macos-arm64 1.0.2 30.00 OK
r-release-macos-x86_64 1.0.2 57.00 OK
r-release-windows-x86_64 1.0.2 6.00 61.00 67.00 OK
r-oldrel-macos-arm64 1.0.2 33.00 OK
r-oldrel-windows-x86_64 1.0.2 6.00 69.00 75.00 OK

Check Details

Version: 1.0.2
Check: for detritus in the temp directory
Result: NOTE Found the following files/directories: ‘pulse-PKdhtXMmr18n’ Flavors: r-devel-linux-x86_64-fedora-clang, r-devel-linux-x86_64-fedora-gcc