CRAN Package Check Results for Package pvar

Last updated on 2024-02-25 16:51:50 CET.

Flavor Version Tinstall Tcheck Ttotal Status Flags
r-devel-linux-x86_64-debian-clang 2.2.7 21.95 39.42 61.37 NOTE
r-devel-linux-x86_64-debian-gcc 2.2.7 19.00 30.79 49.79 NOTE
r-devel-linux-x86_64-fedora-clang 2.2.7 87.00 OK
r-devel-linux-x86_64-fedora-gcc 2.2.7 96.48 OK
r-devel-windows-x86_64 2.2.7 19.00 81.00 100.00 OK
r-patched-linux-x86_64 2.2.7 21.48 39.35 60.83 OK
r-release-linux-x86_64 2.2.7 22.10 39.39 61.49 OK
r-release-macos-arm64 2.2.7 33.00 OK
r-release-macos-x86_64 2.2.7 59.00 OK
r-release-windows-x86_64 2.2.7 21.00 83.00 104.00 OK
r-oldrel-macos-arm64 2.2.7 40.00 OK
r-oldrel-windows-x86_64 2.2.7 25.00 82.00 107.00 OK

Check Details

Version: 2.2.7
Check: Rd files
Result: NOTE checkRd: (-1) DataSets.Rd:10: Lost braces; missing escapes or markup? 10 | \format{the \code{PvarQuantileDF} is a \code{data.frame} with fields \code{prob} an {Qaunt}. | ^ Flavors: r-devel-linux-x86_64-debian-clang, r-devel-linux-x86_64-debian-gcc