CRAN Package Check Results for Package pwlmm

Last updated on 2024-02-27 08:55:26 CET.

Flavor Version Tinstall Tcheck Ttotal Status Flags
r-devel-linux-x86_64-debian-clang 1.1.1 60.89 33.84 94.73 OK
r-devel-linux-x86_64-debian-gcc 1.1.1 49.46 27.75 77.21 OK
r-devel-linux-x86_64-fedora-clang 1.1.1 115.25 NOTE
r-devel-linux-x86_64-fedora-gcc 1.1.1 145.74 NOTE
r-devel-windows-x86_64 1.1.1 40.00 70.00 110.00 OK
r-patched-linux-x86_64 1.1.1 60.51 34.97 95.48 OK
r-release-linux-x86_64 1.1.1 42.19 35.46 77.65 OK
r-release-macos-arm64 1.1.1 45.00 NOTE
r-release-macos-x86_64 1.1.1 68.00 NOTE
r-release-windows-x86_64 1.1.1 53.00 78.00 131.00 OK
r-oldrel-macos-arm64 1.1.1 37.00 NOTE
r-oldrel-windows-x86_64 1.1.1 47.00 74.00 121.00 OK

Check Details

Version: 1.1.1
Check: dependencies in R code
Result: NOTE Namespaces in Imports field not imported from: ‘Rcpp’ ‘RcppEigen’ All declared Imports should be used. Flavors: r-devel-linux-x86_64-fedora-clang, r-devel-linux-x86_64-fedora-gcc, r-oldrel-macos-arm64

Version: 1.1.1
Check: installed package size
Result: NOTE installed size is 16.6Mb sub-directories of 1Mb or more: libs 16.3Mb Flavors: r-release-macos-arm64, r-release-macos-x86_64, r-oldrel-macos-arm64