CRAN Package Check Results for Package pzfx

Last updated on 2024-03-03 01:00:53 CET.

Flavor Version Tinstall Tcheck Ttotal Status Flags
r-devel-linux-x86_64-debian-clang 0.3.0 2.43 30.24 32.67 NOTE
r-devel-linux-x86_64-debian-gcc 0.3.0 1.23 22.65 23.88 NOTE
r-devel-linux-x86_64-fedora-clang 0.3.0 39.80 NOTE
r-devel-linux-x86_64-fedora-gcc 0.3.0 48.84 NOTE
r-devel-windows-x86_64 0.3.0 3.00 44.00 47.00 NOTE
r-patched-linux-x86_64 0.3.0 2.02 28.76 30.78 NOTE
r-release-linux-x86_64 0.3.0 2.61 28.93 31.54 NOTE
r-release-macos-arm64 0.3.0 37.00 NOTE
r-release-macos-x86_64 0.3.0 33.00 NOTE
r-release-windows-x86_64 0.3.0 3.00 45.00 48.00 NOTE
r-oldrel-macos-arm64 0.3.0 25.00 NOTE
r-oldrel-windows-x86_64 0.3.0 3.00 50.00 53.00 NOTE

Check Details

Version: 0.3.0
Check: LazyData
Result: NOTE 'LazyData' is specified without a 'data' directory Flavors: r-devel-linux-x86_64-debian-clang, r-devel-linux-x86_64-debian-gcc, r-devel-linux-x86_64-fedora-clang, r-devel-linux-x86_64-fedora-gcc, r-devel-windows-x86_64, r-patched-linux-x86_64, r-release-linux-x86_64, r-release-macos-arm64, r-release-macos-x86_64, r-release-windows-x86_64, r-oldrel-macos-arm64, r-oldrel-windows-x86_64