CRAN Package Check Results for Package qccrs

Last updated on 2024-06-15 00:54:14 CEST.

Flavor Version Tinstall Tcheck Ttotal Status Flags
r-devel-linux-x86_64-debian-clang 0.1.0 4.52 41.35 45.87 NOTE
r-devel-linux-x86_64-debian-gcc 0.1.0 3.86 31.08 34.94 NOTE
r-devel-linux-x86_64-fedora-clang 0.1.0 57.93 NOTE
r-devel-linux-x86_64-fedora-gcc 0.1.0 58.11 NOTE
r-devel-windows-x86_64 0.1.0 5.00 51.00 56.00 NOTE
r-patched-linux-x86_64 0.1.0 4.11 39.95 44.06 NOTE
r-release-linux-x86_64 0.1.0 4.52 40.43 44.95 NOTE
r-release-macos-arm64 0.1.0 21.00 NOTE
r-release-macos-x86_64 0.1.0 30.00 NOTE
r-release-windows-x86_64 0.1.0 5.00 53.00 58.00 NOTE
r-oldrel-macos-arm64 0.1.0 25.00 NOTE
r-oldrel-macos-x86_64 0.1.0 30.00 NOTE
r-oldrel-windows-x86_64 0.1.0 7.00 55.00 62.00 NOTE

Check Details

Version: 0.1.0
Check: LazyData
Result: NOTE 'LazyData' is specified without a 'data' directory Flavors: r-devel-linux-x86_64-debian-clang, r-devel-linux-x86_64-debian-gcc, r-devel-linux-x86_64-fedora-clang, r-devel-linux-x86_64-fedora-gcc, r-devel-windows-x86_64, r-patched-linux-x86_64, r-release-linux-x86_64, r-release-macos-arm64, r-release-macos-x86_64, r-release-windows-x86_64, r-oldrel-macos-arm64, r-oldrel-macos-x86_64, r-oldrel-windows-x86_64