CRAN Package Check Results for Package qgg

Last updated on 2024-03-03 01:00:53 CET.

Flavor Version Tinstall Tcheck Ttotal Status Flags
r-devel-linux-x86_64-debian-clang 1.1.2 128.76 138.14 266.90 NOTE
r-devel-linux-x86_64-debian-gcc 1.1.2 102.29 102.98 205.27 NOTE
r-devel-linux-x86_64-fedora-clang 1.1.2 363.65 NOTE
r-devel-linux-x86_64-fedora-gcc 1.1.2 355.21 NOTE
r-devel-windows-x86_64 1.1.2 96.00 134.00 230.00 OK
r-patched-linux-x86_64 1.1.2 129.00 132.40 261.40 OK
r-release-linux-x86_64 1.1.2 128.16 133.06 261.22 OK
r-release-macos-arm64 1.1.2 98.00 NOTE
r-release-macos-x86_64 1.1.2 136.00 NOTE
r-release-windows-x86_64 1.1.2 126.00 162.00 288.00 OK
r-oldrel-macos-arm64 1.1.2 78.00 NOTE
r-oldrel-windows-x86_64 1.1.2 119.00 148.00 267.00 OK

Check Details

Version: 1.1.2
Check: Rd files
Result: NOTE checkRd: (-1) gmap.Rd:195: Lost braces in \itemize; \value handles \item{}{} directly checkRd: (-1) gmap.Rd:196: Lost braces in \itemize; \value handles \item{}{} directly checkRd: (-1) gmap.Rd:197: Lost braces in \itemize; \value handles \item{}{} directly checkRd: (-1) gmap.Rd:198: Lost braces in \itemize; \value handles \item{}{} directly checkRd: (-1) gmap.Rd:199: Lost braces in \itemize; \value handles \item{}{} directly checkRd: (-1) gmap.Rd:200: Lost braces in \itemize; \value handles \item{}{} directly checkRd: (-1) gmap.Rd:201: Lost braces in \itemize; \value handles \item{}{} directly checkRd: (-1) gmap.Rd:202: Lost braces in \itemize; \value handles \item{}{} directly checkRd: (-1) gmap.Rd:203: Lost braces in \itemize; \value handles \item{}{} directly checkRd: (-1) gmap.Rd:204: Lost braces in \itemize; \value handles \item{}{} directly checkRd: (-1) gmap.Rd:205: Lost braces in \itemize; \value handles \item{}{} directly checkRd: (-1) gmap.Rd:206: Lost braces in \itemize; \value handles \item{}{} directly Flavors: r-devel-linux-x86_64-debian-clang, r-devel-linux-x86_64-debian-gcc, r-devel-linux-x86_64-fedora-clang, r-devel-linux-x86_64-fedora-gcc

Version: 1.1.2
Check: installed package size
Result: NOTE installed size is 6.8Mb sub-directories of 1Mb or more: libs 6.0Mb Flavors: r-devel-linux-x86_64-fedora-clang, r-release-macos-arm64, r-release-macos-x86_64, r-oldrel-macos-arm64