Last updated on 2024-05-21 00:57:21 CEST.
Flavor | Version | Tinstall | Tcheck | Ttotal | Status | Flags |
---|---|---|---|---|---|---|
r-devel-linux-x86_64-debian-clang | 1.19 | 16.17 | 73.21 | 89.38 | NOTE | |
r-devel-linux-x86_64-debian-gcc | 1.19 | 13.66 | 56.75 | 70.41 | NOTE | |
r-devel-linux-x86_64-fedora-clang | 1.19 | 118.71 | NOTE | |||
r-devel-linux-x86_64-fedora-gcc | 1.19 | 108.33 | NOTE | |||
r-devel-windows-x86_64 | 1.19 | 12.00 | 84.00 | 96.00 | NOTE | |
r-patched-linux-x86_64 | 1.19 | 17.91 | 71.14 | 89.05 | NOTE | |
r-release-linux-x86_64 | 1.19 | 12.86 | 69.85 | 82.71 | NOTE | |
r-release-macos-arm64 | 1.19 | 36.00 | NOTE | |||
r-release-windows-x86_64 | 1.19 | 14.00 | 84.00 | 98.00 | NOTE | |
r-oldrel-macos-arm64 | 1.19 | 35.00 | NOTE | |||
r-oldrel-macos-x86_64 | 1.19 | 57.00 | NOTE | |||
r-oldrel-windows-x86_64 | 1.19 | 15.00 | 94.00 | 109.00 | NOTE |
Version: 1.19
Check: package subdirectories
Result: NOTE
Problems with news in ‘NEWS.md’:
No news entries found.
Flavors: r-devel-linux-x86_64-debian-clang, r-devel-linux-x86_64-debian-gcc, r-devel-linux-x86_64-fedora-clang, r-devel-linux-x86_64-fedora-gcc, r-devel-windows-x86_64, r-patched-linux-x86_64, r-release-linux-x86_64, r-release-macos-arm64, r-release-windows-x86_64, r-oldrel-macos-arm64, r-oldrel-macos-x86_64, r-oldrel-windows-x86_64