Last updated on 2024-04-27 00:58:15 CEST.
Flavor | Version | Tinstall | Tcheck | Ttotal | Status | Flags |
---|---|---|---|---|---|---|
r-devel-linux-x86_64-debian-clang | 1.1.1 | 89.88 | 122.05 | 211.93 | NOTE | |
r-devel-linux-x86_64-debian-gcc | 1.1.1 | 67.60 | 110.37 | 177.97 | NOTE | |
r-devel-linux-x86_64-fedora-clang | 1.1.1 | 288.35 | NOTE | |||
r-devel-linux-x86_64-fedora-gcc | 1.1.1 | 271.50 | NOTE | |||
r-devel-windows-x86_64 | 1.1.1 | 72.00 | 116.00 | 188.00 | NOTE | |
r-patched-linux-x86_64 | 1.1.1 | 84.19 | 123.50 | 207.69 | NOTE | |
r-release-linux-x86_64 | 1.1.1 | 88.23 | 127.40 | 215.63 | NOTE | |
r-release-macos-arm64 | 1.1.1 | 61.00 | NOTE | |||
r-release-macos-x86_64 | 1.1.1 | 121.00 | NOTE | |||
r-release-windows-x86_64 | 1.1.1 | 70.00 | 115.00 | 185.00 | NOTE | |
r-oldrel-macos-arm64 | 1.1.1 | 73.00 | NOTE | |||
r-oldrel-macos-x86_64 | 1.1.1 | 131.00 | NOTE | |||
r-oldrel-windows-x86_64 | 1.1.1 | 89.00 | 149.00 | 238.00 | NOTE |
Version: 1.1.1
Check: C++ specification
Result: NOTE
Specified C++11: please drop specification unless essential
Flavors: r-devel-linux-x86_64-debian-clang, r-devel-linux-x86_64-debian-gcc, r-devel-linux-x86_64-fedora-clang, r-devel-linux-x86_64-fedora-gcc, r-devel-windows-x86_64, r-patched-linux-x86_64, r-release-linux-x86_64, r-release-macos-arm64, r-release-macos-x86_64, r-release-windows-x86_64, r-oldrel-macos-arm64, r-oldrel-macos-x86_64, r-oldrel-windows-x86_64