Last updated on 2024-08-31 17:49:04 CEST.
Flavor | Version | Tinstall | Tcheck | Ttotal | Status | Flags |
---|---|---|---|---|---|---|
r-devel-linux-x86_64-debian-clang | 0.36 | 508.70 | 202.26 | 710.96 | OK | |
r-devel-linux-x86_64-debian-gcc | 0.36 | 372.60 | 137.74 | 510.34 | OK | |
r-devel-linux-x86_64-fedora-clang | 0.36 | 1335.73 | NOTE | |||
r-devel-linux-x86_64-fedora-gcc | 0.36 | 1469.57 | OK | |||
r-devel-windows-x86_64 | 0.36 | 530.00 | 259.00 | 789.00 | NOTE | |
r-patched-linux-x86_64 | 0.36 | 546.07 | 198.56 | 744.63 | OK | |
r-release-linux-x86_64 | 0.36 | 530.99 | 199.58 | 730.57 | OK | |
r-release-macos-arm64 | 0.36 | 295.00 | NOTE | |||
r-release-macos-x86_64 | 0.36 | 277.00 | NOTE | |||
r-release-windows-x86_64 | 0.36 | 558.00 | 274.00 | 832.00 | NOTE | |
r-oldrel-macos-arm64 | 0.36 | 290.00 | NOTE | |||
r-oldrel-macos-x86_64 | 0.36 | 323.00 | NOTE | |||
r-oldrel-windows-x86_64 | 0.36 | 643.00 | 316.00 | 959.00 | NOTE |
Version: 0.36
Check: installed package size
Result: NOTE
installed size is 6.7Mb
sub-directories of 1Mb or more:
extdata 3.3Mb
libs 2.0Mb
Flavors: r-devel-linux-x86_64-fedora-clang, r-devel-windows-x86_64, r-release-macos-arm64, r-release-macos-x86_64, r-release-windows-x86_64, r-oldrel-macos-arm64, r-oldrel-macos-x86_64, r-oldrel-windows-x86_64