CRAN Package Check Results for Package qtl2

Last updated on 2024-02-24 08:49:46 CET.

Flavor Version Tinstall Tcheck Ttotal Status Flags
r-devel-linux-x86_64-debian-clang 0.34 949.20 265.00 1214.20 OK
r-devel-linux-x86_64-debian-gcc 0.34 717.02 197.22 914.24 OK
r-devel-linux-x86_64-fedora-clang 0.34 1765.92 NOTE
r-devel-linux-x86_64-fedora-gcc 0.34 1755.89 OK
r-devel-windows-x86_64 0.34 680.00 269.00 949.00 NOTE
r-patched-linux-x86_64 0.34 931.61 262.25 1193.86 OK
r-release-linux-x86_64 0.34 933.83 255.05 1188.88 OK
r-release-macos-arm64 0.34 284.00 NOTE
r-release-macos-x86_64 0.34 317.00 NOTE
r-release-windows-x86_64 0.34 867.00 332.00 1199.00 NOTE
r-oldrel-macos-arm64 0.34 278.00 NOTE
r-oldrel-windows-x86_64 0.34 797.00 300.00 1097.00 NOTE

Check Details

Version: 0.34
Check: installed package size
Result: NOTE installed size is 6.3Mb sub-directories of 1Mb or more: extdata 3.3Mb libs 1.7Mb Flavors: r-devel-linux-x86_64-fedora-clang, r-devel-windows-x86_64, r-release-macos-arm64, r-release-macos-x86_64, r-release-windows-x86_64, r-oldrel-macos-arm64, r-oldrel-windows-x86_64