CRAN Package Check Results for Package qtl2ggplot

Last updated on 2024-02-29 15:53:55 CET.

Flavor Version Tinstall Tcheck Ttotal Status Flags
r-devel-linux-x86_64-debian-clang 1.2.2 30.62 177.65 208.27 OK
r-devel-linux-x86_64-debian-gcc 1.2.2 20.40 129.50 149.90 OK
r-devel-linux-x86_64-fedora-clang 1.2.2 253.70 OK
r-devel-linux-x86_64-fedora-gcc 1.2.2 249.81 OK
r-devel-windows-x86_64 1.2.2 24.00 174.00 198.00 NOTE
r-patched-linux-x86_64 1.2.2 33.63 171.74 205.37 OK
r-release-linux-x86_64 1.2.2 18.06 170.54 188.60 OK
r-release-macos-arm64 1.2.2 83.00 NOTE
r-release-macos-x86_64 1.2.2 122.00 NOTE
r-release-windows-x86_64 1.2.2 32.00 216.00 248.00 NOTE
r-oldrel-macos-arm64 1.2.2 80.00 NOTE
r-oldrel-windows-x86_64 1.2.2 30.00 208.00 238.00 NOTE

Check Details

Version: 1.2.2
Check: installed package size
Result: NOTE installed size is 5.6Mb sub-directories of 1Mb or more: doc 4.4Mb libs 1.0Mb Flavors: r-devel-windows-x86_64, r-release-macos-arm64, r-release-macos-x86_64, r-release-windows-x86_64, r-oldrel-macos-arm64, r-oldrel-windows-x86_64