Last updated on 2024-04-28 09:53:58 CEST.
Flavor | Version | Tinstall | Tcheck | Ttotal | Status | Flags |
---|---|---|---|---|---|---|
r-devel-linux-x86_64-debian-clang | 1.2.4 | 26.37 | 194.32 | 220.69 | OK | |
r-devel-linux-x86_64-debian-gcc | 1.2.4 | 20.66 | 143.35 | 164.01 | OK | |
r-devel-linux-x86_64-fedora-clang | 1.2.4 | 301.10 | OK | |||
r-devel-linux-x86_64-fedora-gcc | 1.2.4 | 299.93 | OK | |||
r-devel-windows-x86_64 | 1.2.4 | 23.00 | 169.00 | 192.00 | NOTE | |
r-patched-linux-x86_64 | 1.2.4 | 27.86 | 187.00 | 214.86 | OK | |
r-release-linux-x86_64 | 1.2.4 | 16.90 | 195.53 | 212.43 | OK | |
r-release-macos-arm64 | 1.2.4 | 79.00 | NOTE | |||
r-release-macos-x86_64 | 1.2.4 | 185.00 | NOTE | |||
r-release-windows-x86_64 | 1.2.4 | 25.00 | 171.00 | 196.00 | NOTE | |
r-oldrel-macos-arm64 | 1.2.4 | 84.00 | NOTE | |||
r-oldrel-macos-x86_64 | 1.2.4 | 143.00 | NOTE | |||
r-oldrel-windows-x86_64 | 1.2.4 | 31.00 | 208.00 | 239.00 | NOTE |
Version: 1.2.4
Check: installed package size
Result: NOTE
installed size is 5.5Mb
sub-directories of 1Mb or more:
doc 4.4Mb
Flavors: r-devel-windows-x86_64, r-release-macos-arm64, r-release-macos-x86_64, r-release-windows-x86_64, r-oldrel-macos-arm64, r-oldrel-macos-x86_64, r-oldrel-windows-x86_64