CRAN Package Check Results for Package qualitycontrol

Last updated on 2024-03-03 01:00:53 CET.

Flavor Version Tinstall Tcheck Ttotal Status Flags
r-devel-linux-x86_64-debian-clang 0.1.0 4.12 62.16 66.28 NOTE
r-devel-linux-x86_64-debian-gcc 0.1.0 4.14 46.25 50.39 NOTE
r-devel-linux-x86_64-fedora-clang 0.1.0 83.42 NOTE
r-devel-linux-x86_64-fedora-gcc 0.1.0 90.33 NOTE
r-devel-windows-x86_64 0.1.0 6.00 66.00 72.00 OK
r-patched-linux-x86_64 0.1.0 5.08 58.76 63.84 OK
r-release-linux-x86_64 0.1.0 2.78 59.72 62.50 OK
r-release-macos-arm64 0.1.0 37.00 OK
r-release-macos-x86_64 0.1.0 53.00 OK
r-release-windows-x86_64 0.1.0 7.00 75.00 82.00 OK
r-oldrel-macos-arm64 0.1.0 30.00 OK
r-oldrel-windows-x86_64 0.1.0 7.00 80.00 87.00 OK

Check Details

Version: 0.1.0
Check: Rd files
Result: NOTE checkRd: (-1) als_data.Rd:10: Lost braces in \itemize; meant \describe ? checkRd: (-1) als_data.Rd:11: Lost braces in \itemize; meant \describe ? checkRd: (-1) als_data.Rd:12: Lost braces in \itemize; meant \describe ? checkRd: (-1) als_data.Rd:13: Lost braces in \itemize; meant \describe ? checkRd: (-1) als_data.Rd:14: Lost braces in \itemize; meant \describe ? checkRd: (-1) als_data.Rd:15: Lost braces in \itemize; meant \describe ? checkRd: (-1) als_data.Rd:16: Lost braces in \itemize; meant \describe ? checkRd: (-1) als_data.Rd:17: Lost braces in \itemize; meant \describe ? checkRd: (-1) als_data.Rd:18: Lost braces in \itemize; meant \describe ? checkRd: (-1) als_data.Rd:19: Lost braces in \itemize; meant \describe ? checkRd: (-1) als_data.Rd:20: Lost braces in \itemize; meant \describe ? checkRd: (-1) als_data.Rd:21: Lost braces in \itemize; meant \describe ? checkRd: (-1) als_data.Rd:22: Lost braces in \itemize; meant \describe ? checkRd: (-1) als_data.Rd:23: Lost braces in \itemize; meant \describe ? checkRd: (-1) als_data.Rd:24: Lost braces in \itemize; meant \describe ? checkRd: (-1) als_data.Rd:25: Lost braces in \itemize; meant \describe ? checkRd: (-1) als_data.Rd:26: Lost braces in \itemize; meant \describe ? checkRd: (-1) als_data.Rd:27: Lost braces in \itemize; meant \describe ? checkRd: (-1) als_data_qc_mapping.Rd:11: Lost braces in \itemize; meant \describe ? checkRd: (-1) als_data_qc_mapping.Rd:12: Lost braces in \itemize; meant \describe ? checkRd: (-1) als_data_qc_mapping.Rd:13: Lost braces in \itemize; meant \describe ? Flavors: r-devel-linux-x86_64-debian-clang, r-devel-linux-x86_64-debian-gcc, r-devel-linux-x86_64-fedora-clang, r-devel-linux-x86_64-fedora-gcc