CRAN Package Check Results for Package qualpalr

Last updated on 2024-03-01 16:49:29 CET.

Flavor Version Tinstall Tcheck Ttotal Status Flags
r-devel-linux-x86_64-debian-clang 0.4.4 30.00 44.18 74.18 NOTE
r-devel-linux-x86_64-debian-gcc 0.4.4 25.31 33.66 58.97 NOTE
r-devel-linux-x86_64-fedora-clang 0.4.4 109.99 NOTE
r-devel-linux-x86_64-fedora-gcc 0.4.4 115.96 NOTE
r-devel-windows-x86_64 0.4.4 27.00 81.00 108.00 OK
r-patched-linux-x86_64 0.4.4 29.99 42.34 72.33 OK
r-release-linux-x86_64 0.4.4 33.48 42.65 76.13 OK
r-release-macos-arm64 0.4.4 43.00 OK
r-release-macos-x86_64 0.4.4 83.00 OK
r-release-windows-x86_64 0.4.4 28.00 85.00 113.00 OK
r-oldrel-macos-arm64 0.4.4 38.00 OK
r-oldrel-windows-x86_64 0.4.4 34.00 85.00 119.00 OK

Check Details

Version: 0.4.4
Check: Rd files
Result: NOTE checkRd: (-1) qualpal.Rd:22-28: Lost braces in \itemize; meant \describe ? checkRd: (-1) qualpal.Rd:30-50: Lost braces in \itemize; meant \describe ? Flavors: r-devel-linux-x86_64-debian-clang, r-devel-linux-x86_64-debian-gcc, r-devel-linux-x86_64-fedora-clang, r-devel-linux-x86_64-fedora-gcc