CRAN Package Check Results for Package quickPlot

Last updated on 2024-02-22 08:54:17 CET.

Flavor Version Tinstall Tcheck Ttotal Status Flags
r-devel-linux-x86_64-debian-clang 1.0.2 NOTE
r-devel-linux-x86_64-debian-gcc 1.0.2 10.34 105.64 115.98 NOTE
r-devel-linux-x86_64-fedora-clang 1.0.2 195.41 NOTE
r-devel-linux-x86_64-fedora-gcc 1.0.2 194.80 NOTE
r-devel-windows-x86_64 1.0.2 12.00 124.00 136.00 NOTE
r-patched-linux-x86_64 1.0.2 13.24 142.19 155.43 NOTE
r-release-linux-x86_64 1.0.2 11.66 139.50 151.16 NOTE
r-release-macos-arm64 1.0.2 61.00 NOTE
r-release-macos-x86_64 1.0.2 155.00 NOTE
r-release-windows-x86_64 1.0.2 10.00 152.00 162.00 NOTE
r-oldrel-macos-arm64 1.0.2 53.00 NOTE
r-oldrel-windows-x86_64 1.0.2 17.00 150.00 167.00 NOTE

Check Details

Version: 1.0.2
Check: package dependencies
Result: NOTE Package suggested but not available for checking: ‘fastshp’ Flavors: r-devel-linux-x86_64-debian-clang, r-devel-linux-x86_64-debian-gcc, r-devel-linux-x86_64-fedora-clang, r-devel-linux-x86_64-fedora-gcc, r-devel-windows-x86_64, r-patched-linux-x86_64, r-release-linux-x86_64, r-release-macos-arm64, r-release-macos-x86_64, r-release-windows-x86_64, r-oldrel-macos-arm64, r-oldrel-windows-x86_64