CRAN Package Check Results for Package r2d2

Last updated on 2024-02-22 00:58:39 CET.

Flavor Version Tinstall Tcheck Ttotal Status Flags
r-devel-linux-x86_64-debian-clang 1.0.1 NOTE
r-devel-linux-x86_64-debian-gcc 1.0.1 2.76 30.05 32.81 NOTE
r-devel-linux-x86_64-fedora-clang 1.0.1 51.75 NOTE
r-devel-linux-x86_64-fedora-gcc 1.0.1 49.82 OK
r-devel-windows-x86_64 1.0.1 4.00 55.00 59.00 OK
r-patched-linux-x86_64 1.0.1 3.75 37.58 41.33 OK
r-release-linux-x86_64 1.0.1 3.14 37.56 40.70 OK
r-release-macos-arm64 1.0.1 22.00 OK
r-release-macos-x86_64 1.0.1 30.00 OK
r-release-windows-x86_64 1.0.1 4.00 56.00 60.00 OK
r-oldrel-macos-arm64 1.0.1 22.00 OK
r-oldrel-windows-x86_64 1.0.1 5.00 63.00 68.00 OK

Check Details

Version: 1.0.1
Check: Rd files
Result: NOTE checkRd: (-1) conf2d.Rd:64: Lost braces; missing escapes or markup? 64 | compute a smooth surface from \code{x} and {y}. If users already have | ^ Flavors: r-devel-linux-x86_64-debian-clang, r-devel-linux-x86_64-debian-gcc

Version: 1.0.1
Check: Rd cross-references
Result: NOTE Undeclared package ‘gplots’ in Rd xrefs Flavor: r-devel-linux-x86_64-fedora-clang