CRAN Package Check Results for Package r2sundials

Last updated on 2024-02-26 08:48:54 CET.

Flavor Version Tinstall Tcheck Ttotal Status Flags
r-devel-linux-x86_64-debian-clang 6.5.0-4 80.44 195.88 276.32 OK
r-devel-linux-x86_64-debian-gcc 6.5.0-4 64.27 136.07 200.34 OK
r-devel-linux-x86_64-fedora-clang 6.5.0-4 393.73 OK
r-devel-linux-x86_64-fedora-gcc 6.5.0-4 391.75 OK
r-devel-windows-x86_64 6.5.0-4 66.00 175.00 241.00 OK
r-patched-linux-x86_64 6.5.0-4 73.54 188.93 262.47 OK
r-release-linux-x86_64 6.5.0-4 77.11 187.01 264.12 OK
r-release-macos-arm64 6.5.0-4 85.00 NOTE
r-release-macos-x86_64 6.5.0-4 184.00 NOTE
r-release-windows-x86_64 6.5.0-4 86.00 218.00 304.00 OK
r-oldrel-macos-arm64 6.5.0-4 74.00 NOTE
r-oldrel-windows-x86_64 6.5.0-4 80.00 202.00 282.00 OK

Check Details

Version: 6.5.0-4
Check: installed package size
Result: NOTE installed size is 7.5Mb sub-directories of 1Mb or more: libs 4.7Mb Flavors: r-release-macos-arm64, r-release-macos-x86_64, r-oldrel-macos-arm64