CRAN Package Check Results for Package r6methods

Last updated on 2024-02-27 16:49:25 CET.

Flavor Version Tinstall Tcheck Ttotal Status Flags
r-devel-linux-x86_64-debian-clang 0.1.0 5.98 54.83 60.81 NOTE
r-devel-linux-x86_64-debian-gcc 0.1.0 5.18 41.56 46.74 NOTE
r-devel-linux-x86_64-fedora-clang 0.1.0 76.31 NOTE
r-devel-linux-x86_64-fedora-gcc 0.1.0 72.21 NOTE
r-devel-windows-x86_64 0.1.0 6.00 62.00 68.00 NOTE
r-patched-linux-x86_64 0.1.0 4.24 52.65 56.89 NOTE
r-release-linux-x86_64 0.1.0 4.16 52.81 56.97 NOTE
r-release-macos-arm64 0.1.0 27.00 NOTE
r-release-macos-x86_64 0.1.0 41.00 NOTE
r-release-windows-x86_64 0.1.0 8.00 69.00 77.00 NOTE
r-oldrel-macos-arm64 0.1.0 25.00 NOTE
r-oldrel-windows-x86_64 0.1.0 9.00 74.00 83.00 NOTE

Check Details

Version: 0.1.0
Check: Rd files
Result: NOTE checkRd: (-1) extract_class.Rd:18: Lost braces in \itemize; \value handles \item{}{} directly checkRd: (-1) extract_class.Rd:19: Lost braces in \itemize; \value handles \item{}{} directly checkRd: (-1) extract_class.Rd:20: Lost braces in \itemize; \value handles \item{}{} directly Flavors: r-devel-linux-x86_64-debian-clang, r-devel-linux-x86_64-debian-gcc, r-devel-linux-x86_64-fedora-clang, r-devel-linux-x86_64-fedora-gcc

Version: 0.1.0
Check: LazyData
Result: NOTE 'LazyData' is specified without a 'data' directory Flavors: r-devel-linux-x86_64-debian-clang, r-devel-linux-x86_64-debian-gcc, r-devel-linux-x86_64-fedora-clang, r-devel-linux-x86_64-fedora-gcc, r-devel-windows-x86_64, r-patched-linux-x86_64, r-release-linux-x86_64, r-release-macos-arm64, r-release-macos-x86_64, r-release-windows-x86_64, r-oldrel-macos-arm64, r-oldrel-windows-x86_64