CRAN Package Check Results for Package rMVP

Last updated on 2024-02-23 00:59:39 CET.

Flavor Version Tinstall Tcheck Ttotal Status Flags
r-devel-linux-x86_64-debian-clang 1.0.8 OK
r-devel-linux-x86_64-debian-gcc 1.0.8 103.10 54.76 157.86 OK
r-devel-linux-x86_64-fedora-clang 1.0.8 271.56 OK
r-devel-linux-x86_64-fedora-gcc 1.0.8 287.10 OK
r-devel-windows-x86_64 1.0.8 99.00 96.00 195.00 OK
r-patched-linux-x86_64 1.0.8 128.53 73.15 201.68 OK
r-release-linux-x86_64 1.0.8 127.59 71.55 199.14 OK
r-release-macos-arm64 1.0.8 67.00 NOTE
r-release-macos-x86_64 1.0.8 111.00 NOTE
r-release-windows-x86_64 1.0.8 130.00 118.00 248.00 OK
r-oldrel-macos-arm64 1.0.8 63.00 NOTE
r-oldrel-windows-x86_64 1.0.8 120.00 107.00 227.00 OK

Check Details

Version: 1.0.8
Check: installed package size
Result: NOTE installed size is 18.9Mb sub-directories of 1Mb or more: libs 17.7Mb Flavors: r-release-macos-arm64, r-release-macos-x86_64, r-oldrel-macos-arm64