CRAN Package Check Results for Package rPraat

Last updated on 2024-02-26 16:56:35 CET.

Flavor Version Tinstall Tcheck Ttotal Status Flags
r-devel-linux-x86_64-debian-clang 1.3.2-1 22.27 111.33 133.60 NOTE
r-devel-linux-x86_64-debian-gcc 1.3.2-1 16.24 81.75 97.99 NOTE
r-devel-linux-x86_64-fedora-clang 1.3.2-1 158.27 NOTE
r-devel-linux-x86_64-fedora-gcc 1.3.2-1 150.17 NOTE
r-devel-windows-x86_64 1.3.2-1 17.00 124.00 141.00 NOTE
r-patched-linux-x86_64 1.3.2-1 14.16 109.27 123.43 NOTE
r-release-linux-x86_64 1.3.2-1 12.81 110.22 123.03 NOTE
r-release-macos-arm64 1.3.2-1 46.00 NOTE
r-release-macos-x86_64 1.3.2-1 80.00 NOTE
r-release-windows-x86_64 1.3.2-1 22.00 142.00 164.00 NOTE
r-oldrel-macos-arm64 1.3.2-1 47.00 NOTE
r-oldrel-windows-x86_64 1.3.2-1 23.00 128.00 151.00 NOTE

Check Details

Version: 1.3.2-1
Check: Rd files
Result: NOTE checkRd: (-1) as.tg.Rd:18: Lost braces; missing escapes or markup? 18 | Renames the \code{class(tg)["name"]} attribute and sets {class(tg)["type"] <- "TextGrid"} (if it is not already set) | ^ Flavors: r-devel-linux-x86_64-debian-clang, r-devel-linux-x86_64-debian-gcc

Version: 1.3.2-1
Check: LazyData
Result: NOTE 'LazyData' is specified without a 'data' directory Flavors: r-devel-linux-x86_64-debian-clang, r-devel-linux-x86_64-debian-gcc, r-devel-linux-x86_64-fedora-clang, r-devel-linux-x86_64-fedora-gcc, r-devel-windows-x86_64, r-patched-linux-x86_64, r-release-linux-x86_64, r-release-macos-arm64, r-release-macos-x86_64, r-release-windows-x86_64, r-oldrel-macos-arm64, r-oldrel-windows-x86_64