Last updated on 2024-05-21 19:50:32 CEST.
Flavor | Version | Tinstall | Tcheck | Ttotal | Status | Flags |
---|---|---|---|---|---|---|
r-devel-linux-x86_64-debian-clang | 0.4.2 | 11.02 | 96.82 | 107.84 | NOTE | |
r-devel-linux-x86_64-debian-gcc | 0.4.2 | 7.72 | 72.14 | 79.86 | NOTE | |
r-devel-linux-x86_64-fedora-clang | 0.4.2 | 137.51 | NOTE | |||
r-devel-linux-x86_64-fedora-gcc | 0.4.2 | 136.81 | NOTE | |||
r-devel-windows-x86_64 | 0.4.2 | 9.00 | 145.00 | 154.00 | NOTE | |
r-patched-linux-x86_64 | 0.4.2 | 10.24 | 90.77 | 101.01 | NOTE | |
r-release-linux-x86_64 | 0.4.2 | 9.07 | 91.93 | 101.00 | NOTE | |
r-release-macos-arm64 | 0.4.2 | 47.00 | NOTE | |||
r-release-windows-x86_64 | 0.4.2 | 9.00 | 148.00 | 157.00 | NOTE | |
r-oldrel-macos-arm64 | 0.4.2 | 47.00 | NOTE | |||
r-oldrel-macos-x86_64 | 0.4.2 | 74.00 | NOTE | |||
r-oldrel-windows-x86_64 | 0.4.2 | 11.00 | 137.00 | 148.00 | NOTE |
Version: 0.4.2
Check: Rd files
Result: NOTE
checkRd: (-1) grapes-.-times-grapes.Rd:6-9: Lost braces
6 | "round.torch.Tensor" <- function(input) {
| ^
Flavors: r-devel-linux-x86_64-debian-clang, r-devel-linux-x86_64-debian-gcc, r-devel-linux-x86_64-fedora-clang, r-devel-linux-x86_64-fedora-gcc, r-devel-windows-x86_64, r-patched-linux-x86_64, r-release-linux-x86_64, r-release-macos-arm64, r-release-windows-x86_64
Version: 0.4.2
Check: LazyData
Result: NOTE
'LazyData' is specified without a 'data' directory
Flavors: r-devel-linux-x86_64-debian-clang, r-devel-linux-x86_64-debian-gcc, r-devel-linux-x86_64-fedora-clang, r-devel-linux-x86_64-fedora-gcc, r-devel-windows-x86_64, r-patched-linux-x86_64, r-release-linux-x86_64, r-release-macos-arm64, r-release-windows-x86_64, r-oldrel-macos-arm64, r-oldrel-macos-x86_64, r-oldrel-windows-x86_64
Version: 0.4.2
Check: dependencies in R code
Result: NOTE
Namespace in Imports field not imported from: ‘methods’
All declared Imports should be used.
Flavors: r-devel-linux-x86_64-fedora-clang, r-devel-linux-x86_64-fedora-gcc