CRAN Package Check Results for Package rabhit

Last updated on 2024-03-03 01:00:53 CET.

Flavor Version Tinstall Tcheck Ttotal Status Flags
r-devel-linux-x86_64-debian-clang 0.2.5 48.36 502.14 550.50 ERROR
r-devel-linux-x86_64-debian-gcc 0.2.5 47.72 375.23 422.95 ERROR
r-devel-linux-x86_64-fedora-clang 0.2.5 675.95 ERROR
r-devel-linux-x86_64-fedora-gcc 0.2.5 712.43 ERROR
r-devel-windows-x86_64 0.2.5 43.00 335.00 378.00 OK
r-patched-linux-x86_64 0.2.5 36.67 487.07 523.74 ERROR
r-release-linux-x86_64 0.2.5 37.48 487.70 525.18 ERROR
r-release-macos-arm64 0.2.5 233.00 OK
r-release-macos-x86_64 0.2.5 343.00 OK
r-release-windows-x86_64 0.2.5 62.00 428.00 490.00 ERROR
r-oldrel-macos-arm64 0.2.5 168.00 OK
r-oldrel-windows-x86_64 0.2.5 58.00 390.00 448.00 ERROR

Check Details

Version: 0.2.5
Check: re-building of vignette outputs
Result: ERROR Error(s) in re-building vignettes: ... --- re-building ‘RAbHIT-vignette.Rmd’ using rmarkdown Quitting from lines 199-201 [unnamed-chunk-8] (RAbHIT-vignette.Rmd) Error: processing vignette 'RAbHIT-vignette.Rmd' failed with diagnostics: subscript out of bounds --- failed re-building ‘RAbHIT-vignette.Rmd’ SUMMARY: processing the following file failed: ‘RAbHIT-vignette.Rmd’ Error: Vignette re-building failed. Execution halted Flavors: r-devel-linux-x86_64-debian-clang, r-devel-linux-x86_64-debian-gcc, r-patched-linux-x86_64, r-release-linux-x86_64

Version: 0.2.5
Check: package dependencies
Result: NOTE Imports includes 21 non-default packages. Importing from so many packages makes the package vulnerable to any of them becoming unavailable. Move as many as possible to Suggests and use conditionally. Flavor: r-devel-linux-x86_64-fedora-clang

Version: 0.2.5
Check: re-building of vignette outputs
Result: ERROR Error(s) in re-building vignettes: --- re-building ‘RAbHIT-vignette.Rmd’ using rmarkdown Quitting from lines 199-201 [unnamed-chunk-8] (RAbHIT-vignette.Rmd) Error: processing vignette 'RAbHIT-vignette.Rmd' failed with diagnostics: subscript out of bounds --- failed re-building ‘RAbHIT-vignette.Rmd’ SUMMARY: processing the following file failed: ‘RAbHIT-vignette.Rmd’ Error: Vignette re-building failed. Execution halted Flavors: r-devel-linux-x86_64-fedora-clang, r-devel-linux-x86_64-fedora-gcc, r-release-windows-x86_64, r-oldrel-windows-x86_64