CRAN Package Check Results for Package raceland

Last updated on 2024-02-26 00:50:56 CET.

Flavor Version Tinstall Tcheck Ttotal Status Flags
r-devel-linux-x86_64-debian-clang 1.2.1 89.86 146.60 236.46 OK
r-devel-linux-x86_64-debian-gcc 1.2.1 70.26 110.35 180.61 OK
r-devel-linux-x86_64-fedora-clang 1.2.1 319.21 NOTE
r-devel-linux-x86_64-fedora-gcc 1.2.1 317.78 NOTE
r-devel-windows-x86_64 1.2.1 67.00 139.00 206.00 OK
r-patched-linux-x86_64 1.2.1 84.16 146.47 230.63 OK
r-release-linux-x86_64 1.2.1 90.07 143.03 233.10 OK
r-release-macos-arm64 1.2.1 86.00 OK
r-release-macos-x86_64 1.2.1 131.00 OK
r-release-windows-x86_64 1.2.1 87.00 173.00 260.00 OK
r-oldrel-macos-arm64 1.2.1 73.00 OK
r-oldrel-windows-x86_64 1.2.1 82.00 172.00 254.00 OK

Check Details

Version: 1.2.1
Check: dependencies in R code
Result: NOTE Namespace in Imports field not imported from: ‘comat’ All declared Imports should be used. Flavors: r-devel-linux-x86_64-fedora-clang, r-devel-linux-x86_64-fedora-gcc