Last updated on 2024-05-21 16:53:28 CEST.
Flavor | Version | Tinstall | Tcheck | Ttotal | Status | Flags |
---|---|---|---|---|---|---|
r-devel-linux-x86_64-debian-clang | 1.0.0 | 1.86 | 26.89 | 28.75 | NOTE | |
r-devel-linux-x86_64-debian-gcc | 1.0.0 | 1.96 | 20.86 | 22.82 | NOTE | |
r-devel-linux-x86_64-fedora-clang | 1.0.0 | 39.22 | NOTE | |||
r-devel-linux-x86_64-fedora-gcc | 1.0.0 | 35.52 | NOTE | |||
r-devel-windows-x86_64 | 1.0.0 | 3.00 | 45.00 | 48.00 | NOTE | |
r-patched-linux-x86_64 | 1.0.0 | 3.82 | 26.83 | 30.65 | NOTE | |
r-release-linux-x86_64 | 1.0.0 | 2.68 | 25.65 | 28.33 | NOTE | |
r-release-macos-arm64 | 1.0.0 | 16.00 | NOTE | |||
r-release-windows-x86_64 | 1.0.0 | 3.00 | 44.00 | 47.00 | NOTE | |
r-oldrel-macos-arm64 | 1.0.0 | 17.00 | NOTE | |||
r-oldrel-macos-x86_64 | 1.0.0 | 21.00 | NOTE | |||
r-oldrel-windows-x86_64 | 1.0.0 | 3.00 | 46.00 | 49.00 | NOTE |
Version: 1.0.0
Check: DESCRIPTION meta-information
Result: NOTE
Malformed Description field: should contain one or more complete sentences.
Flavors: r-devel-linux-x86_64-debian-clang, r-devel-linux-x86_64-debian-gcc, r-devel-linux-x86_64-fedora-clang, r-devel-linux-x86_64-fedora-gcc, r-devel-windows-x86_64, r-patched-linux-x86_64, r-release-linux-x86_64, r-release-macos-arm64, r-release-windows-x86_64, r-oldrel-macos-arm64, r-oldrel-macos-x86_64, r-oldrel-windows-x86_64
Version: 1.0.0
Check: data for non-ASCII characters
Result: NOTE
Note: found 4 marked UTF-8 strings
Flavors: r-devel-linux-x86_64-fedora-clang, r-devel-linux-x86_64-fedora-gcc