CRAN Package Check Results for Package radlibs

Last updated on 2024-02-29 00:55:50 CET.

Flavor Version Tinstall Tcheck Ttotal Status Flags
r-devel-linux-x86_64-debian-clang 0.2.0 2.69 40.93 43.62 OK
r-devel-linux-x86_64-debian-gcc 0.2.0 2.93 32.63 35.56 OK
r-devel-linux-x86_64-fedora-clang 0.2.0 58.02 NOTE
r-devel-linux-x86_64-fedora-gcc 0.2.0 53.19 NOTE
r-devel-windows-x86_64 0.2.0 5.00 58.00 63.00 OK
r-patched-linux-x86_64 0.2.0 2.42 41.50 43.92 OK
r-release-linux-x86_64 0.2.0 2.39 40.16 42.55 OK
r-release-macos-arm64 0.2.0 23.00 OK
r-release-macos-x86_64 0.2.0 34.00 OK
r-release-windows-x86_64 0.2.0 5.00 59.00 64.00 OK
r-oldrel-macos-arm64 0.2.0 20.00 NOTE
r-oldrel-windows-x86_64 0.2.0 5.00 64.00 69.00 OK

Check Details

Version: 0.2.0
Check: data for non-ASCII characters
Result: NOTE Note: found 3 marked UTF-8 strings Flavors: r-devel-linux-x86_64-fedora-clang, r-devel-linux-x86_64-fedora-gcc, r-oldrel-macos-arm64