CRAN Package Check Results for Package rainette

Last updated on 2024-02-28 08:54:39 CET.

Flavor Version Tinstall Tcheck Ttotal Status Flags
r-devel-linux-x86_64-debian-clang 0.3.1.1 29.03 196.87 225.90 OK
r-devel-linux-x86_64-debian-gcc 0.3.1.1 26.50 144.91 171.41 OK
r-devel-linux-x86_64-fedora-clang 0.3.1.1 287.35 OK
r-devel-linux-x86_64-fedora-gcc 0.3.1.1 296.72 OK
r-devel-windows-x86_64 0.3.1.1 29.00 167.00 196.00 OK
r-patched-linux-x86_64 0.3.1.1 24.84 185.77 210.61 OK
r-release-linux-x86_64 0.3.1.1 22.70 189.31 212.01 OK
r-release-macos-arm64 0.3.1.1 93.00 OK
r-release-macos-x86_64 0.3.1.1 152.00 NOTE
r-release-windows-x86_64 0.3.1.1 36.00 215.00 251.00 OK
r-oldrel-macos-arm64 0.3.1.1 88.00 OK
r-oldrel-windows-x86_64 0.3.1.1 36.00 209.00 245.00 OK

Additional issues

Intel

Check Details

Version: 0.3.1.1
Check: package dependencies
Result: NOTE Package suggested but not available for checking: ‘quanteda.textmodels’ Flavor: r-release-macos-x86_64