CRAN Package Check Results for Package rando

Last updated on 2024-02-26 16:56:34 CET.

Flavor Version Tinstall Tcheck Ttotal Status Flags
r-devel-linux-x86_64-debian-clang 0.2.0 5.21 74.79 80.00 NOTE
r-devel-linux-x86_64-debian-gcc 0.2.0 3.99 56.06 60.05 NOTE
r-devel-linux-x86_64-fedora-clang 0.2.0 95.99 NOTE
r-devel-linux-x86_64-fedora-gcc 0.2.0 92.35 NOTE
r-devel-windows-x86_64 0.2.0 6.00 80.00 86.00 NOTE
r-patched-linux-x86_64 0.2.0 6.03 72.71 78.74 NOTE
r-release-linux-x86_64 0.2.0 4.56 72.28 76.84 NOTE
r-release-macos-arm64 0.2.0 34.00 NOTE
r-release-macos-x86_64 0.2.0 50.00 NOTE
r-release-windows-x86_64 0.2.0 7.00 96.00 103.00 NOTE
r-oldrel-macos-arm64 0.2.0 27.00 NOTE
r-oldrel-windows-x86_64 0.2.0 7.00 90.00 97.00 NOTE

Check Details

Version: 0.2.0
Check: LazyData
Result: NOTE 'LazyData' is specified without a 'data' directory Flavors: r-devel-linux-x86_64-debian-clang, r-devel-linux-x86_64-debian-gcc, r-devel-linux-x86_64-fedora-clang, r-devel-linux-x86_64-fedora-gcc, r-devel-windows-x86_64, r-patched-linux-x86_64, r-release-linux-x86_64, r-release-macos-arm64, r-release-macos-x86_64, r-release-windows-x86_64, r-oldrel-macos-arm64, r-oldrel-windows-x86_64