CRAN Package Check Results for Package randomForestExplainer

Last updated on 2024-02-29 08:49:04 CET.

Flavor Version Tinstall Tcheck Ttotal Status Flags
r-devel-linux-x86_64-debian-clang 0.10.1 10.27 281.39 291.66 NOTE
r-devel-linux-x86_64-debian-gcc 0.10.1 6.25 205.74 211.99 NOTE
r-devel-linux-x86_64-fedora-clang 0.10.1 334.52 NOTE
r-devel-linux-x86_64-fedora-gcc 0.10.1 348.53 NOTE
r-devel-windows-x86_64 0.10.1 9.00 191.00 200.00 NOTE
r-patched-linux-x86_64 0.10.1 8.46 273.27 281.73 NOTE
r-release-linux-x86_64 0.10.1 8.14 266.54 274.68 NOTE
r-release-macos-arm64 0.10.1 103.00 NOTE
r-release-macos-x86_64 0.10.1 180.00 NOTE
r-release-windows-x86_64 0.10.1 11.00 254.00 265.00 NOTE
r-oldrel-macos-arm64 0.10.1 83.00 NOTE
r-oldrel-windows-x86_64 0.10.1 12.00 262.00 274.00 NOTE

Check Details

Version: 0.10.1
Check: LazyData
Result: NOTE 'LazyData' is specified without a 'data' directory Flavors: r-devel-linux-x86_64-debian-clang, r-devel-linux-x86_64-debian-gcc, r-devel-linux-x86_64-fedora-clang, r-devel-linux-x86_64-fedora-gcc, r-devel-windows-x86_64, r-patched-linux-x86_64, r-release-linux-x86_64, r-release-macos-arm64, r-release-macos-x86_64, r-release-windows-x86_64, r-oldrel-macos-arm64, r-oldrel-windows-x86_64