CRAN Package Check Results for Package randomLCA

Last updated on 2024-07-20 16:49:12 CEST.

Flavor Version Tinstall Tcheck Ttotal Status Flags
r-devel-linux-x86_64-debian-clang 1.1-3 13.19 90.22 103.41 NOTE
r-devel-linux-x86_64-debian-gcc 1.1-3 10.55 67.58 78.13 NOTE
r-devel-linux-x86_64-fedora-clang 1.1-3 128.83 NOTE
r-devel-linux-x86_64-fedora-gcc 1.1-3 132.84 NOTE
r-devel-windows-x86_64 1.1-3 17.00 89.00 106.00 NOTE
r-patched-linux-x86_64 1.1-3 10.82 86.38 97.20 NOTE
r-release-linux-x86_64 1.1-3 11.22 86.32 97.54 NOTE
r-release-macos-arm64 1.1-3 43.00 NOTE
r-release-macos-x86_64 1.1-3 63.00 NOTE
r-release-windows-x86_64 1.1-3 15.00 87.00 102.00 NOTE
r-oldrel-macos-arm64 1.1-3 45.00 OK
r-oldrel-macos-x86_64 1.1-3 107.00 OK
r-oldrel-windows-x86_64 1.1-3 18.00 102.00 120.00 OK

Check Details

Version: 1.1-3
Check: Rd files
Result: NOTE checkRd: (-1) outcomeProbs.Rd:18: Lost braces 18 | \item{scale}{either "prob" where probabilities are returned, the default, or "raw" where the probabilities are returned on the logit or probit scale, depending on which scale was selected in the texttt{randomLCA} function} | ^ Flavors: r-devel-linux-x86_64-debian-clang, r-devel-linux-x86_64-debian-gcc, r-devel-linux-x86_64-fedora-clang, r-devel-linux-x86_64-fedora-gcc, r-devel-windows-x86_64, r-patched-linux-x86_64, r-release-linux-x86_64, r-release-macos-arm64, r-release-macos-x86_64, r-release-windows-x86_64