CRAN Package Check Results for Package rapport

Last updated on 2024-02-22 16:49:25 CET.

Flavor Version Tinstall Tcheck Ttotal Status Flags
r-devel-linux-x86_64-debian-clang 1.1 NOTE
r-devel-linux-x86_64-debian-gcc 1.1 5.44 39.69 45.13 NOTE
r-devel-linux-x86_64-fedora-clang 1.1 73.08 OK
r-devel-linux-x86_64-fedora-gcc 1.1 71.21 OK
r-devel-windows-x86_64 1.1 8.00 65.00 73.00 OK
r-patched-linux-x86_64 1.1 12.33 51.99 64.32 OK
r-release-linux-x86_64 1.1 6.93 51.35 58.28 OK
r-release-macos-arm64 1.1 25.00 OK
r-release-macos-x86_64 1.1 39.00 OK
r-release-windows-x86_64 1.1 10.00 70.00 80.00 OK
r-oldrel-macos-arm64 1.1 22.00 OK
r-oldrel-windows-x86_64 1.1 10.00 70.00 80.00 OK

Check Details

Version: 1.1
Check: Rd files
Result: NOTE checkRd: (-1) rapport.inputs.Rd:26: Lost braces 26 | \item \emph{dataset inputs}, i.e. the inputs that refer to named element of an |code{R} object provided in \code{data} argument in \code{rapport} call. Currently, \code{rapport} supports only \code{data.frame} objects, but that may change in the (near) future. | ^ Flavors: r-devel-linux-x86_64-debian-clang, r-devel-linux-x86_64-debian-gcc