CRAN Package Check Results for Package rapportools

Last updated on 2024-02-23 08:53:41 CET.

Flavor Version Tinstall Tcheck Ttotal Status Flags
r-devel-linux-x86_64-debian-clang 1.1 NOTE
r-devel-linux-x86_64-debian-gcc 1.1 3.73 35.78 39.51 NOTE
r-devel-linux-x86_64-fedora-clang 1.1 63.48 NOTE
r-devel-linux-x86_64-fedora-gcc 1.1 61.59 OK
r-devel-windows-x86_64 1.1 5.00 67.00 72.00 OK
r-patched-linux-x86_64 1.1 7.17 44.87 52.04 OK
r-release-linux-x86_64 1.1 5.88 45.15 51.03 OK
r-release-macos-arm64 1.1 23.00 OK
r-release-macos-x86_64 1.1 34.00 OK
r-release-windows-x86_64 1.1 7.00 71.00 78.00 OK
r-oldrel-macos-arm64 1.1 21.00 OK
r-oldrel-windows-x86_64 1.1 8.00 70.00 78.00 OK

Check Details

Version: 1.1
Check: Rd files
Result: NOTE checkRd: (-1) max.Rd:17: Lost braces 17 | Returns the maximum of all values in a vector by passing \{code{\link{max}} as \code{fn} argument to \code{\link{univar}} function. | ^ checkRd: (-1) min.Rd:17: Lost braces 17 | Returns the minimum of all values in a vector by passing \{code{\link{min}} as \code{fn} argument to \code{\link{univar}} function. | ^ Flavors: r-devel-linux-x86_64-debian-clang, r-devel-linux-x86_64-debian-gcc

Version: 1.1
Check: Rd cross-references
Result: NOTE Undeclared package ‘reshape’ in Rd xrefs Flavor: r-devel-linux-x86_64-fedora-clang