CRAN Package Check Results for Package raptr

Last updated on 2024-02-28 16:50:44 CET.

Flavor Version Tinstall Tcheck Ttotal Status Flags
r-devel-linux-x86_64-debian-clang 1.0.1 254.56 439.60 694.16 NOTE
r-devel-linux-x86_64-debian-gcc 1.0.1 182.30 318.04 500.34 NOTE
r-devel-linux-x86_64-fedora-clang 1.0.1 803.21 NOTE
r-devel-linux-x86_64-fedora-gcc 1.0.1 841.70 NOTE
r-devel-windows-x86_64 1.0.1 176.00 326.00 502.00 NOTE
r-patched-linux-x86_64 1.0.1 175.08 421.40 596.48 NOTE
r-release-linux-x86_64 1.0.1 168.24 420.33 588.57 NOTE
r-release-macos-arm64 1.0.1 200.00 NOTE
r-release-macos-x86_64 1.0.1 429.00 NOTE
r-release-windows-x86_64 1.0.1 239.00 430.00 669.00 NOTE
r-oldrel-macos-arm64 1.0.1 188.00 NOTE
r-oldrel-windows-x86_64 1.0.1 221.00 398.00 619.00 NOTE

Check Details

Version: 1.0.1
Check: package dependencies
Result: NOTE Package suggested but not available for checking: ‘gurobi’ Flavors: r-devel-linux-x86_64-debian-clang, r-devel-linux-x86_64-debian-gcc, r-devel-linux-x86_64-fedora-clang, r-devel-linux-x86_64-fedora-gcc, r-devel-windows-x86_64, r-patched-linux-x86_64, r-release-linux-x86_64, r-release-macos-arm64, r-release-macos-x86_64, r-release-windows-x86_64, r-oldrel-macos-arm64, r-oldrel-windows-x86_64

Version: 1.0.1
Check: installed package size
Result: NOTE installed size is 7.4Mb sub-directories of 1Mb or more: doc 1.7Mb extdata 4.2Mb Flavors: r-devel-linux-x86_64-fedora-clang, r-devel-windows-x86_64, r-release-macos-arm64, r-release-macos-x86_64, r-release-windows-x86_64, r-oldrel-macos-arm64, r-oldrel-windows-x86_64