CRAN Package Check Results for Package rasterVis

Last updated on 2024-07-19 00:53:28 CEST.

Flavor Version Tinstall Tcheck Ttotal Status Flags
r-devel-linux-x86_64-debian-clang 0.51.6 39.01 314.61 353.62 OK
r-devel-linux-x86_64-debian-gcc 0.51.6 27.06 226.74 253.80 OK
r-devel-linux-x86_64-fedora-clang 0.51.6 427.58 OK
r-devel-linux-x86_64-fedora-gcc 0.51.6 396.66 OK
r-devel-windows-x86_64 0.51.6 25.00 199.00 224.00 NOTE
r-patched-linux-x86_64 0.51.6 27.25 299.03 326.28 OK
r-release-linux-x86_64 0.51.6 35.77 301.62 337.39 OK
r-release-macos-arm64 0.51.6 89.00 OK
r-release-macos-x86_64 0.51.6 194.00 OK
r-release-windows-x86_64 0.51.6 25.00 201.00 226.00 OK
r-oldrel-macos-arm64 0.51.6 104.00 OK
r-oldrel-macos-x86_64 0.51.6 279.00 OK
r-oldrel-windows-x86_64 0.51.6 32.00 261.00 293.00 OK

Check Details

Version: 0.51.6
Check: Rd cross-references
Result: NOTE Found the following Rd file(s) with Rd \link{} targets missing package anchors: bwplot-methods.Rd: panel.violin, panel.bwplot, sampleRandom, panel.stripplot chooseRegion.Rd: in.out densityplot-methods.Rd: sampleRandom hexbinplot.Rd: sampleRegular histogram-methods.Rd: sampleRandom horizonplot-methods.Rd: zonal hovmoller-methods.Rd: zonal, panel.2dsmoother levelplot-methods.Rd: sampleRegular, trellis.par.set, custom.theme, panel.levelplot, panel.levelplot.raster, ratify rasterTheme.Rd: custom.theme, custom.theme.2, yscale.components.default, xscale.components.default, trellis.par.get splom-methods.Rd: sampleRandom vectorplot.Rd: terrain, panel.arrows xyLayer.Rd: sampleRegular, spatSample xyplot-methods.Rd: zonal Please provide package anchors for all Rd \link{} targets not in the package itself and the base packages. Flavor: r-devel-windows-x86_64