CRAN Package Check Results for Package rasterdiv

Last updated on 2024-02-26 00:50:56 CET.

Flavor Version Tinstall Tcheck Ttotal Status Flags
r-devel-linux-x86_64-debian-clang 0.3.1 46.64 573.10 619.74 NOTE
r-devel-linux-x86_64-debian-gcc 0.3.1 41.17 421.76 462.93 NOTE
r-devel-linux-x86_64-fedora-clang 0.3.1 741.07 NOTE
r-devel-linux-x86_64-fedora-gcc 0.3.1 795.16 NOTE
r-devel-windows-x86_64 0.3.1 41.00 382.00 423.00 NOTE
r-patched-linux-x86_64 0.3.1 47.35 556.78 604.13 OK
r-release-linux-x86_64 0.3.1 48.86 553.57 602.43 OK
r-release-macos-arm64 0.3.1 190.00 NOTE
r-release-macos-x86_64 0.3.1 363.00 NOTE
r-release-windows-x86_64 0.3.1 55.00 475.00 530.00 OK
r-oldrel-macos-arm64 0.3.1 179.00 NOTE
r-oldrel-windows-x86_64 0.3.1 56.00 471.00 527.00 OK

Check Details

Version: 0.3.1
Check: Rd \usage sections
Result: NOTE Documented arguments not in \usage in Rd file 'mpaRaoS.Rd': ‘rasterm’ Objects in \usage without \alias in Rd file 'paRaoP.Rd': ‘paRaoS’ Functions with \usage entries need to have the appropriate \alias entries, and all their arguments documented. The \usage entries must correspond to syntactically valid R code. See chapter ‘Writing R documentation files’ in the ‘Writing R Extensions’ manual. Flavors: r-devel-linux-x86_64-debian-clang, r-devel-linux-x86_64-debian-gcc, r-devel-linux-x86_64-fedora-clang, r-devel-linux-x86_64-fedora-gcc, r-devel-windows-x86_64

Version: 0.3.1
Check: installed package size
Result: NOTE installed size is 5.2Mb sub-directories of 1Mb or more: data 4.1Mb Flavors: r-release-macos-arm64, r-release-macos-x86_64, r-oldrel-macos-arm64