Last updated on 2024-05-21 00:57:22 CEST.
Flavor | Version | Tinstall | Tcheck | Ttotal | Status | Flags |
---|---|---|---|---|---|---|
r-devel-linux-x86_64-debian-clang | 0.1.1 | 2.21 | 25.35 | 27.56 | NOTE | |
r-devel-linux-x86_64-debian-gcc | 0.1.1 | 1.70 | 19.74 | 21.44 | NOTE | |
r-devel-linux-x86_64-fedora-clang | 0.1.1 | 34.85 | NOTE | |||
r-devel-linux-x86_64-fedora-gcc | 0.1.1 | 33.21 | NOTE | |||
r-devel-windows-x86_64 | 0.1.1 | 2.00 | 43.00 | 45.00 | NOTE | |
r-patched-linux-x86_64 | 0.1.1 | 1.86 | 24.53 | 26.39 | NOTE | |
r-release-linux-x86_64 | 0.1.1 | 1.75 | 24.58 | 26.33 | NOTE | |
r-release-macos-arm64 | 0.1.1 | 14.00 | NOTE | |||
r-release-windows-x86_64 | 0.1.1 | 2.00 | 42.00 | 44.00 | NOTE | |
r-oldrel-macos-arm64 | 0.1.1 | 15.00 | NOTE | |||
r-oldrel-macos-x86_64 | 0.1.1 | 20.00 | NOTE | |||
r-oldrel-windows-x86_64 | 0.1.1 | 3.00 | 44.00 | 47.00 | NOTE |
Version: 0.1.1
Check: LazyData
Result: NOTE
'LazyData' is specified without a 'data' directory
Flavors: r-devel-linux-x86_64-debian-clang, r-devel-linux-x86_64-debian-gcc, r-devel-linux-x86_64-fedora-clang, r-devel-linux-x86_64-fedora-gcc, r-devel-windows-x86_64, r-patched-linux-x86_64, r-release-linux-x86_64, r-release-macos-arm64, r-release-windows-x86_64, r-oldrel-macos-arm64, r-oldrel-macos-x86_64, r-oldrel-windows-x86_64