CRAN Package Check Results for Package raymolecule

Last updated on 2024-02-25 01:01:14 CET.

Flavor Version Tinstall Tcheck Ttotal Status Flags
r-devel-linux-x86_64-debian-clang 0.5.3 7.01 47.44 54.45 OK
r-devel-linux-x86_64-debian-gcc 0.5.3 5.00 35.33 40.33 OK
r-devel-linux-x86_64-fedora-clang 0.5.3 72.71 OK
r-devel-linux-x86_64-fedora-gcc 0.5.3 67.58 OK
r-devel-windows-x86_64 0.5.0 5.00 48.00 53.00 NOTE
r-patched-linux-x86_64 0.5.0 4.58 44.95 49.53 OK
r-release-linux-x86_64 0.5.0 2.76 33.93 36.69 OK
r-release-macos-arm64 0.5.3 28.00 OK
r-release-macos-x86_64 0.5.3 46.00 OK
r-release-windows-x86_64 0.5.3 5.00 61.00 66.00 OK
r-oldrel-macos-arm64 0.5.3 29.00 OK
r-oldrel-windows-x86_64 0.5.3 9.00 66.00 75.00 OK

Additional issues

donttest

Check Details

Version: 0.5.0
Check: Rd \usage sections
Result: NOTE Documented arguments not in \usage in Rd file 'onb_from_w.Rd': 'v' Functions with \usage entries need to have the appropriate \alias entries, and all their arguments documented. The \usage entries must correspond to syntactically valid R code. See chapter 'Writing R documentation files' in the 'Writing R Extensions' manual. Flavor: r-devel-windows-x86_64