CRAN Package Check Results for Package rcompendium

Last updated on 2024-07-13 16:48:25 CEST.

Flavor Version Tinstall Tcheck Ttotal Status Flags
r-devel-linux-x86_64-debian-clang 1.3 8.52 69.34 77.86 OK
r-devel-linux-x86_64-debian-gcc 1.3 5.73 51.19 56.92 OK
r-devel-linux-x86_64-fedora-clang 1.3 96.56 NOTE
r-devel-linux-x86_64-fedora-gcc 1.3 103.38 OK
r-devel-windows-x86_64 1.3 9.00 80.00 89.00 NOTE
r-patched-linux-x86_64 1.3 11.59 67.20 78.79 OK
r-release-linux-x86_64 1.3 4.88 66.73 71.61 OK
r-release-macos-arm64 1.3 40.00 OK
r-release-macos-x86_64 1.3 70.00 OK
r-release-windows-x86_64 1.3 8.00 79.00 87.00 OK
r-oldrel-macos-arm64 1.3 50.00 OK
r-oldrel-macos-x86_64 1.3 69.00 OK
r-oldrel-windows-x86_64 1.3 10.00 88.00 98.00 OK

Check Details

Version: 1.3
Check: Rd cross-references
Result: NOTE Undeclared package ‘remotes’ in Rd xrefs Flavor: r-devel-linux-x86_64-fedora-clang

Version: 1.3
Check: Rd cross-references
Result: NOTE Found the following Rd file(s) with Rd \link{} targets missing package anchors: add_github_actions_citation.Rd: cffr Please provide package anchors for all Rd \link{} targets not in the package itself and the base packages. Flavor: r-devel-windows-x86_64