CRAN Package Check Results for Package rddtools

Last updated on 2024-02-22 08:54:18 CET.

Flavor Version Tinstall Tcheck Ttotal Status Flags
r-devel-linux-x86_64-debian-clang 1.6.0 OK
r-devel-linux-x86_64-debian-gcc 1.6.0 10.81 125.50 136.31 OK
r-devel-linux-x86_64-fedora-clang 1.6.0 227.95 NOTE
r-devel-linux-x86_64-fedora-gcc 1.6.0 237.63 NOTE
r-devel-windows-x86_64 1.6.0 15.00 140.00 155.00 OK
r-patched-linux-x86_64 1.6.0 22.59 161.69 184.28 OK
r-release-linux-x86_64 1.6.0 15.03 163.74 178.77 OK
r-release-macos-arm64 1.6.0 82.00 OK
r-release-macos-x86_64 1.6.0 121.00 OK
r-release-windows-x86_64 1.6.0 20.00 171.00 191.00 OK
r-oldrel-macos-arm64 1.6.0 70.00 NOTE
r-oldrel-windows-x86_64 1.6.0 21.00 167.00 188.00 OK

Check Details

Version: 1.6.0
Check: dependencies in R code
Result: NOTE Namespace in Imports field not imported from: ‘rmarkdown’ All declared Imports should be used. Flavors: r-devel-linux-x86_64-fedora-clang, r-devel-linux-x86_64-fedora-gcc, r-oldrel-macos-arm64