CRAN Package Check Results for Package rdss

Last updated on 2024-03-03 01:00:54 CET.

Flavor Version Tinstall Tcheck Ttotal Status Flags
r-devel-linux-x86_64-debian-clang 1.0.6 10.47 144.72 155.19 OK
r-devel-linux-x86_64-debian-gcc 1.0.6 6.78 111.20 117.98 OK
r-devel-linux-x86_64-fedora-clang 1.0.6 192.01 NOTE
r-devel-linux-x86_64-fedora-gcc 1.0.6 187.04 NOTE
r-devel-windows-x86_64 1.0.6 12.00 119.00 131.00 OK
r-patched-linux-x86_64 1.0.6 6.09 146.17 152.26 OK
r-release-linux-x86_64 1.0.6 6.24 145.40 151.64 OK
r-release-macos-arm64 1.0.6 60.00 OK
r-release-macos-x86_64 1.0.6 141.00 OK
r-release-windows-x86_64 1.0.6 16.00 149.00 165.00 OK
r-oldrel-macos-arm64 1.0.6 63.00 OK
r-oldrel-windows-x86_64 1.0.6 17.00 155.00 172.00 OK

Additional issues

donttest

Check Details

Version: 1.0.6
Check: data for non-ASCII characters
Result: NOTE Note: found 5 marked UTF-8 strings Flavors: r-devel-linux-x86_64-fedora-clang, r-devel-linux-x86_64-fedora-gcc