CRAN Package Check Results for Package readBrukerFlexData

Last updated on 2024-04-17 00:54:30 CEST.

Flavor Version Tinstall Tcheck Ttotal Status Flags
r-devel-linux-x86_64-debian-clang 1.9.2 2.40 27.80 30.20 OK
r-devel-linux-x86_64-debian-gcc 1.9.2 2.05 21.39 23.44 OK
r-devel-linux-x86_64-fedora-clang 1.9.2 38.50 NOTE
r-devel-linux-x86_64-fedora-gcc 1.9.2 36.83 OK
r-prerel-macos-arm64 1.9.2 16.00 OK
r-prerel-macos-x86_64 1.9.2 28.00 OK
r-prerel-windows-x86_64 1.9.2 3.00 45.00 48.00 OK
r-patched-linux-x86_64 1.9.2 2.68 27.04 29.72 OK
r-release-linux-x86_64 1.9.2 2.50 27.43 29.93 OK
r-release-macos-arm64 1.9.2 21.00 OK
r-release-macos-x86_64 1.9.2 39.00 OK
r-release-windows-x86_64 1.9.2 5.00 47.00 52.00 OK
r-oldrel-macos-arm64 1.9.2 20.00 OK
r-oldrel-windows-x86_64 1.9.2 5.00 44.00 49.00 OK

Check Details

Version: 1.9.2
Check: Rd cross-references
Result: NOTE Undeclared packages ‘readMzXmlData’, ‘MALDIquantForeign’ in Rd xrefs Flavor: r-devel-linux-x86_64-fedora-clang