Last updated on 2024-03-28 23:55:17 CET.
Flavor | Version | Tinstall | Tcheck | Ttotal | Status | Flags |
---|---|---|---|---|---|---|
r-devel-linux-x86_64-debian-clang | 0.4.14 | 8.55 | 80.86 | 89.41 | NOTE | |
r-devel-linux-x86_64-debian-gcc | 0.4.14 | 6.26 | 60.99 | 67.25 | NOTE | |
r-devel-linux-x86_64-fedora-clang | 0.4.14 | 107.54 | NOTE | |||
r-devel-linux-x86_64-fedora-gcc | 0.4.14 | 117.32 | NOTE | |||
r-devel-windows-x86_64 | 0.4.14 | 8.00 | 80.00 | 88.00 | NOTE | |
r-patched-linux-x86_64 | 0.4.14 | 8.50 | 78.18 | 86.68 | NOTE | |
r-release-linux-x86_64 | 0.4.14 | 5.89 | 75.00 | 80.89 | OK | |
r-release-macos-arm64 | 0.4.14 | 36.00 | OK | |||
r-release-macos-x86_64 | 0.4.14 | 81.00 | OK | |||
r-release-windows-x86_64 | 0.4.14 | 11.00 | 90.00 | 101.00 | OK | |
r-oldrel-macos-arm64 | 0.4.14 | 34.00 | OK | |||
r-oldrel-windows-x86_64 | 0.4.14 | 11.00 | 95.00 | 106.00 | OK |
Version: 0.4.14
Check: Rd files
Result: NOTE
checkRd: (-1) read_awe.Rd:21: Lost braces in \itemize; meant \describe ?
checkRd: (-1) read_awe.Rd:22: Lost braces in \itemize; meant \describe ?
checkRd: (-1) read_awe.Rd:23: Lost braces in \itemize; meant \describe ?
checkRd: (-1) read_payrolls.Rd:16-17: Lost braces in \itemize; meant \describe ?
checkRd: (-1) read_payrolls.Rd:18-19: Lost braces in \itemize; meant \describe ?
checkRd: (-1) read_payrolls.Rd:20: Lost braces in \itemize; meant \describe ?
checkRd: (-1) read_payrolls.Rd:21-22: Lost braces in \itemize; meant \describe ?
checkRd: (-1) read_payrolls.Rd:23-24: Lost braces in \itemize; meant \describe ?
checkRd: (-1) read_payrolls.Rd:25-26: Lost braces in \itemize; meant \describe ?
checkRd: (-1) read_payrolls.Rd:27-28: Lost braces in \itemize; meant \describe ?
checkRd: (-1) read_payrolls.Rd:29: Lost braces in \itemize; meant \describe ?
Flavors: r-devel-linux-x86_64-debian-clang, r-devel-linux-x86_64-debian-gcc, r-devel-linux-x86_64-fedora-clang, r-devel-linux-x86_64-fedora-gcc, r-devel-windows-x86_64, r-patched-linux-x86_64