Last updated on 2023-12-11 16:53:05 CET.
Flavor | Version | Tinstall | Tcheck | Ttotal | Status | Flags |
---|---|---|---|---|---|---|
r-devel-linux-x86_64-debian-clang | 2.1.4 | 76.57 | 129.88 | 206.45 | OK | |
r-devel-linux-x86_64-debian-gcc | 2.1.4 | 56.93 | 96.71 | 153.64 | OK | |
r-devel-linux-x86_64-fedora-clang | 2.1.4 | 274.33 | NOTE | |||
r-devel-linux-x86_64-fedora-gcc | 2.1.4 | 301.55 | OK | |||
r-devel-windows-x86_64 | 2.1.4 | 73.00 | 150.00 | 223.00 | WARN | |
r-patched-linux-x86_64 | 2.1.4 | 79.24 | 122.32 | 201.56 | OK | |
r-release-linux-x86_64 | 2.1.4 | 65.15 | 122.23 | 187.38 | OK | |
r-release-macos-arm64 | 2.1.4 | 108.00 | NOTE | |||
r-release-macos-x86_64 | 2.1.4 | 160.00 | NOTE | |||
r-release-windows-x86_64 | 2.1.4 | 89.00 | 173.00 | 262.00 | OK | |
r-oldrel-macos-arm64 | 2.1.4 | 97.00 | NOTE | |||
r-oldrel-macos-x86_64 | 2.1.4 | 121.00 | OK | |||
r-oldrel-windows-x86_64 | 2.1.4 | 80.00 | 156.00 | 236.00 | OK |
Version: 2.1.4
Check: Rd cross-references
Result: NOTE
Undeclared packages ‘tidyselect’, ‘vctrs’ in Rd xrefs
Flavor: r-devel-linux-x86_64-fedora-clang
Version: 2.1.4
Check: whether package can be installed
Result: WARN
Found the following significant warnings:
unicode_fopen.h:37:52: warning: conversion lacks type at end of format [-Wformat=]
unicode_fopen.h:37:14: warning: too many arguments for format [-Wformat-extra-args]
unicode_fopen.h:59:52: warning: conversion lacks type at end of format [-Wformat=]
unicode_fopen.h:59:14: warning: too many arguments for format [-Wformat-extra-args]
See 'd:/Rcompile/CRANpkg/local/4.4/readr.Rcheck/00install.out' for details.
* used C compiler: 'gcc.exe (GCC) 12.3.0'
* used C++ compiler: 'g++.exe (GCC) 12.3.0'
Flavor: r-devel-windows-x86_64
Version: 2.1.4
Check: installed package size
Result: NOTE
installed size is 5.4Mb
sub-directories of 1Mb or more:
libs 4.5Mb
Flavors: r-release-macos-arm64, r-release-macos-x86_64, r-oldrel-macos-arm64