Last updated on 2023-12-05 16:49:42 CET.
Flavor | Version | Tinstall | Tcheck | Ttotal | Status | Flags |
---|---|---|---|---|---|---|
r-devel-linux-x86_64-debian-clang | 1.4.3 | 30.96 | 49.29 | 80.25 | WARN | |
r-devel-linux-x86_64-debian-gcc | 1.4.3 | 27.77 | 38.38 | 66.15 | OK | |
r-devel-linux-x86_64-fedora-clang | 1.4.3 | 106.76 | WARN | |||
r-devel-linux-x86_64-fedora-gcc | 1.4.3 | 123.74 | OK | |||
r-devel-windows-x86_64 | 1.4.3 | 34.00 | 81.00 | 115.00 | OK | |
r-patched-linux-x86_64 | 1.4.3 | 37.35 | 47.74 | 85.09 | OK | |
r-release-linux-x86_64 | 1.4.3 | 29.87 | 47.17 | 77.04 | OK | |
r-release-macos-arm64 | 1.4.3 | 43.00 | OK | |||
r-release-macos-x86_64 | 1.4.3 | 93.00 | OK | |||
r-release-windows-x86_64 | 1.4.3 | 39.00 | 88.00 | 127.00 | OK | |
r-oldrel-macos-arm64 | 1.4.3 | 36.00 | OK | |||
r-oldrel-macos-x86_64 | 1.4.3 | 54.00 | OK | |||
r-oldrel-windows-x86_64 | 1.4.3 | 34.00 | 87.00 | 121.00 | OK |
Version: 1.4.3
Check: whether package can be installed
Result: WARN
Found the following significant warnings:
/home/hornik/tmp/R.check/r-devel-clang/Work/build/Packages/progress/include/RProgress.h:229:11: warning: format string is not a string literal (potentially insecure) [-Wformat-security]
/home/hornik/tmp/R.check/r-devel-clang/Work/build/Packages/progress/include/RProgress.h:231:10: warning: format string is not a string literal (potentially insecure) [-Wformat-security]
/home/hornik/tmp/R.check/r-devel-clang/Work/build/Packages/progress/include/RProgress.h:272:16: warning: format string is not a string literal (potentially insecure) [-Wformat-security]
/home/hornik/tmp/R.check/r-devel-clang/Work/build/Packages/progress/include/RProgress.h:274:15: warning: format string is not a string literal (potentially insecure) [-Wformat-security]
See ‘/home/hornik/tmp/R.check/r-devel-clang/Work/PKGS/readxl.Rcheck/00install.out’ for details.
* used C compiler: ‘Debian clang version 17.0.5 (1)’
* used C++ compiler: ‘Debian clang version 17.0.5 (1)’
Flavor: r-devel-linux-x86_64-debian-clang
Version: 1.4.3
Check: whether package can be installed
Result: WARN
Found the following significant warnings:
/data/gannet/ripley/R/test-clang/progress/include/RProgress.h:229:11: warning: format string is not a string literal (potentially insecure) [-Wformat-security]
/data/gannet/ripley/R/test-clang/progress/include/RProgress.h:231:10: warning: format string is not a string literal (potentially insecure) [-Wformat-security]
/data/gannet/ripley/R/test-clang/progress/include/RProgress.h:272:16: warning: format string is not a string literal (potentially insecure) [-Wformat-security]
/data/gannet/ripley/R/test-clang/progress/include/RProgress.h:274:15: warning: format string is not a string literal (potentially insecure) [-Wformat-security]
See ‘/data/gannet/ripley/R/packages/tests-clang/readxl.Rcheck/00install.out’ for details.
* used C compiler: ‘clang version 17.0.5’
* used C++ compiler: ‘clang version 17.0.5’
Flavor: r-devel-linux-x86_64-fedora-clang