CRAN Package Check Results for Package rebus.base

Last updated on 2024-02-22 16:49:26 CET.

Flavor Version Tinstall Tcheck Ttotal Status Flags
r-devel-linux-x86_64-debian-clang 0.0-3 NOTE
r-devel-linux-x86_64-debian-gcc 0.0-3 1.94 21.06 23.00 NOTE
r-devel-linux-x86_64-fedora-clang 0.0-3 36.54 NOTE
r-devel-linux-x86_64-fedora-gcc 0.0-3 36.41 NOTE
r-devel-windows-x86_64 0.0-3 3.00 46.00 49.00 NOTE
r-patched-linux-x86_64 0.0-3 3.13 26.67 29.80 NOTE
r-release-linux-x86_64 0.0-3 2.03 26.33 28.36 NOTE
r-release-macos-arm64 0.0-3 19.00 NOTE
r-release-macos-x86_64 0.0-3 23.00 NOTE
r-release-windows-x86_64 0.0-3 4.00 48.00 52.00 NOTE
r-oldrel-macos-arm64 0.0-3 17.00 NOTE
r-oldrel-windows-x86_64 0.0-3 4.00 49.00 53.00 NOTE

Check Details

Version: 0.0-3
Check: LazyData
Result: NOTE 'LazyData' is specified without a 'data' directory Flavors: r-devel-linux-x86_64-debian-clang, r-devel-linux-x86_64-debian-gcc, r-devel-linux-x86_64-fedora-clang, r-devel-linux-x86_64-fedora-gcc, r-devel-windows-x86_64, r-patched-linux-x86_64, r-release-linux-x86_64, r-release-macos-arm64, r-release-macos-x86_64, r-release-windows-x86_64, r-oldrel-macos-arm64, r-oldrel-windows-x86_64

Version: 0.0-3
Check: Rd cross-references
Result: NOTE Undeclared package ‘rebus.unicode’ in Rd xrefs Flavor: r-devel-linux-x86_64-fedora-clang