CRAN Package Check Results for Package recipes

Last updated on 2024-02-22 00:58:39 CET.

Flavor Version Tinstall Tcheck Ttotal Status Flags
r-devel-linux-x86_64-debian-clang 1.0.10 OK
r-devel-linux-x86_64-debian-gcc 1.0.10 21.04 374.23 395.27 OK
r-devel-linux-x86_64-fedora-clang 1.0.10 536.03 NOTE
r-devel-linux-x86_64-fedora-gcc 1.0.10 565.83 OK
r-devel-windows-x86_64 1.0.10 25.00 373.00 398.00 OK
r-patched-linux-x86_64 1.0.9 37.78 496.71 534.49 OK
r-release-linux-x86_64 1.0.9 24.12 496.82 520.94 OK
r-release-macos-arm64 1.0.10 177.00 OK
r-release-macos-x86_64 1.0.10 438.00 OK
r-release-windows-x86_64 1.0.10 36.00 377.00 413.00 OK
r-oldrel-macos-arm64 1.0.10 163.00 OK
r-oldrel-windows-x86_64 1.0.10 37.00 470.00 507.00 OK

Check Details

Version: 1.0.10
Check: Rd cross-references
Result: NOTE Undeclared packages ‘fastICA’, ‘dimRed’ in Rd xrefs Flavor: r-devel-linux-x86_64-fedora-clang