CRAN Package Check Results for Package recom

Last updated on 2024-02-25 16:51:52 CET.

Flavor Version Tinstall Tcheck Ttotal Status Flags
r-devel-linux-x86_64-debian-clang 1.0 20.21 26.31 46.52 NOTE
r-devel-linux-x86_64-debian-gcc 1.0 13.54 20.33 33.87 NOTE
r-devel-linux-x86_64-fedora-clang 1.0 64.31 NOTE
r-devel-linux-x86_64-fedora-gcc 1.0 64.21 NOTE
r-devel-windows-x86_64 1.0 17.00 66.00 83.00 NOTE
r-patched-linux-x86_64 1.0 17.76 25.77 43.53 OK
r-release-linux-x86_64 1.0 17.30 25.39 42.69 OK
r-release-macos-arm64 1.0 20.00 OK
r-release-macos-x86_64 1.0 29.00 OK
r-release-windows-x86_64 1.0 16.00 65.00 81.00 OK
r-oldrel-macos-arm64 1.0 23.00 OK
r-oldrel-windows-x86_64 1.0 21.00 72.00 93.00 OK

Check Details

Version: 1.0
Check: Rd contents
Result: NOTE Auto-generated content requiring editing in Rd file 'recom-package.Rd': \examples: ‘\dontrun{ ## Optional simple examples of the most impor...’ Flavors: r-devel-linux-x86_64-debian-clang, r-devel-linux-x86_64-debian-gcc, r-devel-linux-x86_64-fedora-clang, r-devel-linux-x86_64-fedora-gcc, r-devel-windows-x86_64