Last updated on 2024-05-04 00:54:46 CEST.
Flavor | Version | Tinstall | Tcheck | Ttotal | Status | Flags |
---|---|---|---|---|---|---|
r-devel-linux-x86_64-debian-clang | 4.2.0 | 498.58 | 298.49 | 797.07 | OK | |
r-devel-linux-x86_64-fedora-clang | 4.2.0 | 1166.77 | NOTE | |||
r-devel-linux-x86_64-fedora-gcc | 4.2.0 | 1147.52 | OK | |||
r-devel-windows-x86_64 | 4.2.0 | 394.00 | 281.00 | 675.00 | NOTE | |
r-patched-linux-x86_64 | 4.2.0 | 514.30 | 275.61 | 789.91 | OK | |
r-release-linux-x86_64 | 4.2.0 | 467.99 | 283.70 | 751.69 | OK | |
r-release-macos-arm64 | 4.2.0 | 221.00 | NOTE | |||
r-release-windows-x86_64 | 4.2.0 | 383.00 | 229.00 | 612.00 | ERROR | |
r-oldrel-macos-arm64 | 4.2.0 | 234.00 | NOTE | |||
r-oldrel-macos-x86_64 | 4.2.0 | 389.00 | NOTE | |||
r-oldrel-windows-x86_64 | 4.2.0 | 476.00 | 352.00 | 828.00 | NOTE |
Version: 4.2.0
Check: installed package size
Result: NOTE
installed size is 5.2Mb
sub-directories of 1Mb or more:
data 1.2Mb
libs 1.3Mb
Flavors: r-devel-linux-x86_64-fedora-clang, r-devel-windows-x86_64, r-release-macos-arm64, r-release-windows-x86_64, r-oldrel-macos-arm64, r-oldrel-macos-x86_64, r-oldrel-windows-x86_64
Version: 4.2.0
Check: package dependencies
Result: NOTE
Package suggested but not available for checking: ‘Rmpi’
Flavors: r-release-macos-arm64, r-oldrel-macos-arm64, r-oldrel-macos-x86_64
Version: 4.2.0
Check: re-building of vignette outputs
Result: ERROR
Error(s) in re-building vignettes:
--- re-building 'common_args.Rmd' using rmarkdown
--- finished re-building 'common_args.Rmd'
--- re-building 'flip.Rmd' using rmarkdown
--- finished re-building 'flip.Rmd'
--- re-building 'map-preproc.Rmd' using rmarkdown
trying URL 'https://github.com/alarm-redist/redist-data/raw/main/data/king_county.rds'
Quitting from lines at lines 41-53 [setup] (map-preproc.Rmd)
Error: processing vignette 'map-preproc.Rmd' failed with diagnostics:
cannot open URL 'https://github.com/alarm-redist/redist-data/raw/main/data/king_county.rds'
--- failed re-building 'map-preproc.Rmd'
--- re-building 'redist.Rmd' using rmarkdown
--- finished re-building 'redist.Rmd'
SUMMARY: processing the following file failed:
'map-preproc.Rmd'
Error: Vignette re-building failed.
Execution halted
Flavor: r-release-windows-x86_64