CRAN Package Check Results for Package redland

Last updated on 2024-02-26 08:48:55 CET.

Flavor Version Tinstall Tcheck Ttotal Status Flags
r-devel-linux-x86_64-debian-clang 1.0.17-17 14.05 84.90 98.95 NOTE
r-devel-linux-x86_64-debian-gcc 1.0.17-18 12.88 64.74 77.62 OK
r-devel-linux-x86_64-fedora-clang 1.0.17-18 134.35 OK
r-devel-linux-x86_64-fedora-gcc 1.0.17-18 147.32 OK
r-devel-windows-x86_64 1.0.17-17 28.00 149.00 177.00 OK
r-patched-linux-x86_64 1.0.17-17 18.93 82.97 101.90 OK
r-release-linux-x86_64 1.0.17-18 13.77 81.66 95.43 OK
r-release-macos-arm64 1.0.17-18 57.00 OK
r-release-macos-x86_64 1.0.17-18 95.00 OK
r-release-windows-x86_64 1.0.17-18 38.00 246.00 284.00 NOTE
r-oldrel-macos-arm64 1.0.17-18 49.00 OK
r-oldrel-windows-x86_64 1.0.17-18 22.00 162.00 184.00 OK

Check Details

Version: 1.0.17-17
Check: Rd files
Result: NOTE checkRd: (-1) Model-class.Rd:26: Lost braces in \itemize; meant \describe ? checkRd: (-1) Model-class.Rd:27: Lost braces in \itemize; meant \describe ? checkRd: (-1) Model-class.Rd:28: Lost braces in \itemize; meant \describe ? checkRd: (-1) Model-class.Rd:40: Lost braces 40 | \code{\link{redland}}{: redland package} | ^ checkRd: (-1) Node-class.Rd:21: Lost braces in \itemize; meant \describe ? checkRd: (-1) Node-class.Rd:22: Lost braces in \itemize; meant \describe ? checkRd: (-1) Node-class.Rd:23: Lost braces in \itemize; meant \describe ? checkRd: (-1) Node-class.Rd:24: Lost braces in \itemize; meant \describe ? checkRd: (-1) Node-class.Rd:44: Lost braces 44 | \code{\link{redland}}{: redland package} | ^ checkRd: (-1) Parser-class.Rd:21: Lost braces in \itemize; meant \describe ? checkRd: (-1) Parser-class.Rd:22: Lost braces in \itemize; meant \describe ? checkRd: (-1) Parser-class.Rd:23: Lost braces in \itemize; meant \describe ? checkRd: (-1) Parser-class.Rd:37: Lost braces 37 | \code{\link{redland}}{: redland package} | ^ checkRd: (-1) Query-class.Rd:28: Lost braces in \itemize; meant \describe ? checkRd: (-1) Query-class.Rd:29: Lost braces in \itemize; meant \describe ? checkRd: (-1) Query-class.Rd:30: Lost braces in \itemize; meant \describe ? checkRd: (-1) Query-class.Rd:31: Lost braces in \itemize; meant \describe ? checkRd: (-1) Query-class.Rd:32: Lost braces in \itemize; meant \describe ? checkRd: (-1) Query-class.Rd:33: Lost braces in \itemize; meant \describe ? checkRd: (-1) Query-class.Rd:34: Lost braces in \itemize; meant \describe ? checkRd: (-1) Query-class.Rd:68: Lost braces 68 | \code{\link{redland}}{: redland package} | ^ checkRd: (-1) QueryResults-class.Rd:21: Lost braces in \itemize; meant \describe ? checkRd: (-1) QueryResults-class.Rd:22: Lost braces in \itemize; meant \describe ? checkRd: (-1) QueryResults-class.Rd:27: Lost braces 27 | \code{\link{redland}}{: redland package} | ^ checkRd: (-1) Serializer-class.Rd:21: Lost braces in \itemize; meant \describe ? checkRd: (-1) Serializer-class.Rd:22: Lost braces in \itemize; meant \describe ? checkRd: (-1) Serializer-class.Rd:23: Lost braces in \itemize; meant \describe ? checkRd: (-1) Serializer-class.Rd:24: Lost braces in \itemize; meant \describe ? checkRd: (-1) Serializer-class.Rd:25: Lost braces in \itemize; meant \describe ? checkRd: (-1) Serializer-class.Rd:43: Lost braces 43 | \code{\link{redland}}{: redland package} | ^ checkRd: (-1) Statement-class.Rd:29: Lost braces in \itemize; meant \describe ? checkRd: (-1) Statement-class.Rd:30: Lost braces in \itemize; meant \describe ? checkRd: (-1) Statement-class.Rd:31: Lost braces in \itemize; meant \describe ? checkRd: (-1) Statement-class.Rd:57: Lost braces 57 | \code{\link{redland}}{: redland package} | ^ checkRd: (-1) Storage-class.Rd:22: Lost braces in \itemize; meant \describe ? checkRd: (-1) Storage-class.Rd:23: Lost braces in \itemize; meant \describe ? checkRd: (-1) Storage-class.Rd:32: Lost braces 32 | \code{\link{redland}}{: redland package} | ^ checkRd: (-1) World-class.Rd:22: Lost braces in \itemize; meant \describe ? checkRd: (-1) World-class.Rd:23: Lost braces in \itemize; meant \describe ? checkRd: (-1) World-class.Rd:31: Lost braces 31 | \code{\link{redland}}{: redland package} | ^ Flavor: r-devel-linux-x86_64-debian-clang

Version: 1.0.17-18
Check: installed package size
Result: NOTE installed size is 12.0Mb sub-directories of 1Mb or more: libs 11.1Mb Flavor: r-release-windows-x86_64