CRAN Package Check Results for Package refdb

Last updated on 2024-02-26 00:50:56 CET.

Flavor Version Tinstall Tcheck Ttotal Status Flags
r-devel-linux-x86_64-debian-clang 0.1.1 6.03 83.19 89.22 NOTE
r-devel-linux-x86_64-debian-gcc 0.1.1 4.45 65.15 69.60 NOTE
r-devel-linux-x86_64-fedora-clang 0.1.1 114.96 NOTE
r-devel-linux-x86_64-fedora-gcc 0.1.1 124.18 NOTE
r-devel-windows-x86_64 0.1.1 7.00 92.00 99.00 OK
r-patched-linux-x86_64 0.1.1 6.29 78.05 84.34 OK
r-release-linux-x86_64 0.1.1 5.89 82.57 88.46 OK
r-release-macos-arm64 0.1.1 44.00 OK
r-release-macos-x86_64 0.1.1 75.00 OK
r-release-windows-x86_64 0.1.1 9.00 106.00 115.00 OK
r-oldrel-macos-arm64 0.1.1 33.00 OK
r-oldrel-windows-x86_64 0.1.1 9.00 103.00 112.00 OK

Check Details

Version: 0.1.1
Check: Rd files
Result: NOTE checkRd: (-1) refdb_import_BOLD.Rd:63: Lost braces 63 | link[bold]{bold_stats} and \link[bold]{bold_seqspec} | ^ Flavors: r-devel-linux-x86_64-debian-clang, r-devel-linux-x86_64-debian-gcc, r-devel-linux-x86_64-fedora-clang, r-devel-linux-x86_64-fedora-gcc