CRAN Package Check Results for Package refreshr

Last updated on 2024-02-28 16:50:45 CET.

Flavor Version Tinstall Tcheck Ttotal Status Flags
r-devel-linux-x86_64-debian-clang 0.1.0 2.28 22.82 25.10 NOTE
r-devel-linux-x86_64-debian-gcc 0.1.0 1.60 17.36 18.96 NOTE
r-devel-linux-x86_64-fedora-clang 0.1.0 30.22 NOTE
r-devel-linux-x86_64-fedora-gcc 0.1.0 28.96 NOTE
r-devel-windows-x86_64 0.1.0 3.00 40.00 43.00 OK
r-patched-linux-x86_64 0.1.0 2.13 22.06 24.19 OK
r-release-linux-x86_64 0.1.0 2.16 21.64 23.80 OK
r-release-macos-arm64 0.1.0 17.00 OK
r-release-macos-x86_64 0.1.0 21.00 OK
r-release-windows-x86_64 0.1.0 4.00 40.00 44.00 OK
r-oldrel-macos-arm64 0.1.0 15.00 OK
r-oldrel-windows-x86_64 0.1.0 5.00 43.00 48.00 OK

Check Details

Version: 0.1.0
Check: Rd files
Result: NOTE checkRd: (-1) make_refreshable.Rd:13: Lost braces 13 | not that quotes need to be escaped (code{\"}).} | ^ Flavors: r-devel-linux-x86_64-debian-clang, r-devel-linux-x86_64-debian-gcc, r-devel-linux-x86_64-fedora-clang, r-devel-linux-x86_64-fedora-gcc