Last updated on 2024-05-21 00:57:22 CEST.
Flavor | Version | Tinstall | Tcheck | Ttotal | Status | Flags |
---|---|---|---|---|---|---|
r-devel-linux-x86_64-debian-clang | 0.0.1 | 2.09 | 20.11 | 22.20 | NOTE | |
r-devel-linux-x86_64-debian-gcc | 0.0.1 | 1.61 | 15.85 | 17.46 | NOTE | |
r-devel-linux-x86_64-fedora-clang | 0.0.1 | 28.03 | NOTE | |||
r-devel-linux-x86_64-fedora-gcc | 0.0.1 | 26.79 | NOTE | |||
r-devel-windows-x86_64 | 0.0.1 | 2.00 | 38.00 | 40.00 | NOTE | |
r-patched-linux-x86_64 | 0.0.1 | 1.82 | 19.53 | 21.35 | NOTE | |
r-release-linux-x86_64 | 0.0.1 | 1.93 | 19.60 | 21.53 | NOTE | |
r-release-macos-arm64 | 0.0.1 | 12.00 | NOTE | |||
r-release-windows-x86_64 | 0.0.1 | 2.00 | 38.00 | 40.00 | NOTE | |
r-oldrel-macos-arm64 | 0.0.1 | 15.00 | NOTE | |||
r-oldrel-macos-x86_64 | 0.0.1 | 20.00 | NOTE | |||
r-oldrel-windows-x86_64 | 0.0.1 | 2.00 | 39.00 | 41.00 | NOTE |
Version: 0.0.1
Check: LazyData
Result: NOTE
'LazyData' is specified without a 'data' directory
Flavors: r-devel-linux-x86_64-debian-clang, r-devel-linux-x86_64-debian-gcc, r-devel-linux-x86_64-fedora-clang, r-devel-linux-x86_64-fedora-gcc, r-devel-windows-x86_64, r-patched-linux-x86_64, r-release-linux-x86_64, r-release-macos-arm64, r-release-windows-x86_64, r-oldrel-macos-arm64, r-oldrel-macos-x86_64, r-oldrel-windows-x86_64