Last updated on 2024-04-18 01:03:11 CEST.
Flavor | Version | Tinstall | Tcheck | Ttotal | Status | Flags |
---|---|---|---|---|---|---|
r-devel-linux-x86_64-debian-clang | 0.1.8 | 10.46 | 93.90 | 104.36 | NOTE | |
r-devel-linux-x86_64-debian-gcc | 0.1.8 | 8.06 | 70.73 | 78.79 | NOTE | |
r-devel-linux-x86_64-fedora-clang | 0.1.8 | 127.75 | NOTE | |||
r-devel-linux-x86_64-fedora-gcc | 0.1.8 | 135.11 | NOTE | |||
r-prerel-macos-arm64 | 0.1.8 | 49.00 | NOTE | |||
r-prerel-windows-x86_64 | 0.1.8 | 11.00 | 94.00 | 105.00 | NOTE | |
r-patched-linux-x86_64 | 0.1.8 | 9.06 | 89.58 | 98.64 | NOTE | |
r-release-linux-x86_64 | 0.1.8 | 9.26 | 88.18 | 97.44 | OK | |
r-release-macos-arm64 | 0.1.8 | 55.00 | OK | |||
r-release-macos-x86_64 | 0.1.8 | 86.00 | OK | |||
r-release-windows-x86_64 | 0.1.8 | 15.00 | 109.00 | 124.00 | OK | |
r-oldrel-macos-arm64 | 0.1.8 | 44.00 | NOTE | |||
r-oldrel-windows-x86_64 | 0.1.8 | 16.00 | 116.00 | 132.00 | OK |
Version: 0.1.8
Check: Rd files
Result: NOTE
checkRd: (-1) impute_down_nuts.Rd:21: Lost braces
21 | NUTS typologies, defaults to code{"geo_var".}}
| ^
checkRd: (-1) validate_data_frame.Rd:19: Lost braces
19 | NUTS typologies, defaults to code{"geo_var".}}
| ^
Flavors: r-devel-linux-x86_64-debian-clang, r-devel-linux-x86_64-debian-gcc, r-devel-linux-x86_64-fedora-clang, r-devel-linux-x86_64-fedora-gcc, r-prerel-macos-arm64, r-prerel-windows-x86_64, r-patched-linux-x86_64
Version: 0.1.8
Check: data for non-ASCII characters
Result: NOTE
Note: found 2 marked Latin-1 strings
Note: found 50022 marked UTF-8 strings
Flavors: r-devel-linux-x86_64-fedora-clang, r-devel-linux-x86_64-fedora-gcc, r-oldrel-macos-arm64